{"id":14459,"date":"2022-10-06T17:00:32","date_gmt":"2022-10-06T20:00:32","guid":{"rendered":"https:\/\/stayfit.com.ar\/?post_type=product&#038;p=14459"},"modified":"2026-03-15T23:01:16","modified_gmt":"2026-03-16T02:01:16","slug":"bcaa-pro-120caps","status":"publish","type":"product","link":"https:\/\/stayfit.com.ar\/?product=bcaa-pro-120caps","title":{"rendered":"BCAA PRO 120caps XTRENGHT"},"content":{"rendered":"<p>BCAA PRO: es considerado por deportistas de elite como la combinaci\u00f3n perfecta. Posee amino\u00e1cidos de cadena ramificada en proporci\u00f3n 4.1.1 para una m\u00e1xima regeneraci\u00f3n muscular y es el \u00fanico del mercado que est\u00e1 potenciado con Beta Alanina, un defatigante muscular por excelencia, que te permite entrenar m\u00e1s intensamente y por m\u00e1s tiempo.<br \/>\nBENEFICIOS:<\/p>\n<ul>\n<li>\nM\u00e1xima regeneraci\u00f3n muscular.\n<\/li>\n<li>\nEfecto anticatab\u00f3lico.\n<\/li>\n<li>\nDesfatigante\n<\/li>\n<li>\nElaborado con amino\u00e1cidos puros de grado farmac\u00e9utico y de forma libre; es la m\u00e1s asimilable de todas.\n<\/li>\n<\/ul>\n<p>CONT: 120 caps<\/p>\n","protected":false},"excerpt":{"rendered":"<p>DENOMINACI\u00d3N:<br \/>\nSuplemento dietario en pastillas diet\u00e9tico a base de amino\u00e1cidos.<br \/>\n120caps |\u00a0\u00a0<\/p>\n","protected":false},"featured_media":14462,"template":"","meta":{"_monsterinsights_skip_tracking":false,"_monsterinsights_sitenote_active":false,"_monsterinsights_sitenote_note":"","_monsterinsights_sitenote_category":0},"product_brand":[],"product_cat":[124,133],"product_tag":[134,136],"class_list":{"0":"post-14459","1":"product","2":"type-product","3":"status-publish","4":"has-post-thumbnail","6":"product_cat-aminoacidos","7":"product_cat-xtrenght","8":"product_tag-aminoacidos-xtrenght","9":"product_tag-bcaa-pro","11":"first","12":"instock","13":"taxable","14":"shipping-taxable","15":"purchasable","16":"product-type-simple"},"_links":{"self":[{"href":"https:\/\/stayfit.com.ar\/index.php?rest_route=\/wp\/v2\/product\/14459","targetHints":{"allow":["GET"]}}],"collection":[{"href":"https:\/\/stayfit.com.ar\/index.php?rest_route=\/wp\/v2\/product"}],"about":[{"href":"https:\/\/stayfit.com.ar\/index.php?rest_route=\/wp\/v2\/types\/product"}],"wp:featuredmedia":[{"embeddable":true,"href":"https:\/\/stayfit.com.ar\/index.php?rest_route=\/wp\/v2\/media\/14462"}],"wp:attachment":[{"href":"https:\/\/stayfit.com.ar\/index.php?rest_route=%2Fwp%2Fv2%2Fmedia&parent=14459"}],"wp:term":[{"taxonomy":"product_brand","embeddable":true,"href":"https:\/\/stayfit.com.ar\/index.php?rest_route=%2Fwp%2Fv2%2Fproduct_brand&post=14459"},{"taxonomy":"product_cat","embeddable":true,"href":"https:\/\/stayfit.com.ar\/index.php?rest_route=%2Fwp%2Fv2%2Fproduct_cat&post=14459"},{"taxonomy":"product_tag","embeddable":true,"href":"https:\/\/stayfit.com.ar\/index.php?rest_route=%2Fwp%2Fv2%2Fproduct_tag&post=14459"}],"curies":[{"name":"wp","href":"https:\/\/api.w.org\/{rel}","templated":true}]}}