{"id":14492,"date":"2022-10-06T18:03:12","date_gmt":"2022-10-06T21:03:12","guid":{"rendered":"https:\/\/stayfit.com.ar\/?post_type=product&#038;p=14492"},"modified":"2026-04-11T15:51:29","modified_gmt":"2026-04-11T18:51:29","slug":"bcaa-2000","status":"publish","type":"product","link":"https:\/\/stayfit.com.ar\/?product=bcaa-2000","title":{"rendered":"BCAA 2000 120caps GOLD NUTRITION"},"content":{"rendered":"<p>Amino\u00e1cidos de cadena ramificada BCAA<br \/>\nLos\u00a0BCAA\u00a0constituyen hasta un 35% de la masa muscular, siendo estos indispensables para el mantenimiento y el crecimiento muscular.<br \/>\nMejoran notablemente la recuperaci\u00f3n, aumentan la energ\u00eda y la resistencia.<br \/>\nAdem\u00e1s los amino\u00e1cidos BCAA mejoran la respuesta a la fatiga \u201ccentral\u201d durante los esfuerzos prolongados, ultra-trails, marat\u00f3n, triatl\u00f3n de media y larga distancia, ciclismo de carretera y todo terreno.<br \/>\nLos BCAA tambi\u00e9n hacen disminuir el dolor muscular post ejercicio y la inflamaci\u00f3n debida al estr\u00e9s f\u00edsico cuando se toman antes del mismo.<br \/>\nLos BCAA son considerados amino\u00e1cidos esenciales, aquellos que el organismo no es capaz de sintetizar pero que son necesarios para su funcionamiento. Por lo tanto, deben obtenerse a trav\u00e9s de alimentos o de suplementos<br \/>\nMODO DE USO: Tomar 4\u00a0c\u00e1psulas diarias.<br \/>\nSe recomienda tomar 2 c\u00e1psulas\u00a045-60 minutos antes del entrenamiento y 2\u00a0c\u00e1psulas 15-30 minutos despues de entrenar<\/p>\n","protected":false},"excerpt":{"rendered":"<p>DENOMINACI\u00d3N:<br \/>\nSuplemento dietario a base de amino\u00e1cidos<br \/>\n120 C\u00c1P.\u00a0<\/p>\n","protected":false},"featured_media":14493,"template":"","meta":{"_monsterinsights_skip_tracking":false,"_monsterinsights_sitenote_active":false,"_monsterinsights_sitenote_note":"","_monsterinsights_sitenote_category":0},"product_brand":[],"product_cat":[124,141],"product_tag":[142,144],"class_list":{"0":"post-14492","1":"product","2":"type-product","3":"status-publish","4":"has-post-thumbnail","6":"product_cat-aminoacidos","7":"product_cat-gold-nutrition","8":"product_tag-aminoacidos-gold-nutrition","9":"product_tag-bcaa-2000","11":"first","12":"instock","13":"taxable","14":"shipping-taxable","15":"purchasable","16":"product-type-simple"},"_links":{"self":[{"href":"https:\/\/stayfit.com.ar\/index.php?rest_route=\/wp\/v2\/product\/14492","targetHints":{"allow":["GET"]}}],"collection":[{"href":"https:\/\/stayfit.com.ar\/index.php?rest_route=\/wp\/v2\/product"}],"about":[{"href":"https:\/\/stayfit.com.ar\/index.php?rest_route=\/wp\/v2\/types\/product"}],"wp:featuredmedia":[{"embeddable":true,"href":"https:\/\/stayfit.com.ar\/index.php?rest_route=\/wp\/v2\/media\/14493"}],"wp:attachment":[{"href":"https:\/\/stayfit.com.ar\/index.php?rest_route=%2Fwp%2Fv2%2Fmedia&parent=14492"}],"wp:term":[{"taxonomy":"product_brand","embeddable":true,"href":"https:\/\/stayfit.com.ar\/index.php?rest_route=%2Fwp%2Fv2%2Fproduct_brand&post=14492"},{"taxonomy":"product_cat","embeddable":true,"href":"https:\/\/stayfit.com.ar\/index.php?rest_route=%2Fwp%2Fv2%2Fproduct_cat&post=14492"},{"taxonomy":"product_tag","embeddable":true,"href":"https:\/\/stayfit.com.ar\/index.php?rest_route=%2Fwp%2Fv2%2Fproduct_tag&post=14492"}],"curies":[{"name":"wp","href":"https:\/\/api.w.org\/{rel}","templated":true}]}}