{"id":14543,"date":"2022-10-07T18:15:33","date_gmt":"2022-10-07T21:15:33","guid":{"rendered":"https:\/\/stayfit.com.ar\/?post_type=product&#038;p=14543"},"modified":"2026-04-14T21:12:42","modified_gmt":"2026-04-15T00:12:42","slug":"best-whey-2lbs","status":"publish","type":"product","link":"https:\/\/stayfit.com.ar\/?product=best-whey-2lbs","title":{"rendered":"<strong>BEST WHEY 2lbs XTRENGHT<\/strong>"},"content":{"rendered":"<p>DESCRIPCION: Nuestra prote\u00edna de suero l\u00e1cteo de avanzada es considerada por expertos y profesionales como la mejor y m\u00e1s completa del mercado nacional.<br \/>\nEs la primera prote\u00edna de la Argentina potenciada con la exclusiva combinaci\u00f3n de Creatina, Taurina y Enzimas Digestivas.<br \/>\nNuestra f\u00f3rmula les proporciona a tus m\u00fasculos todo lo que necesitan para crecer y recuperarse, con r\u00e1pida absorci\u00f3n y bajos niveles de grasas, carbohidratos y lactosa<br \/>\nMODO DE USO: \u00a0Agregar 1 medida colmada de\u00a0BEST WHEY \u00a0en 200 ml de agua o leche fr\u00eda. Mezclar directamente en un vaso con una cuchara o mezclar en una licuadora o shaker durante unos 15 segundos.<br \/>\nTomar 2-3 porciones diarias.<br \/>\nEXTRA:\u00a0BEST WHEY est\u00e1 formulada para aquellos que buscan aumentar su ingesta de prote\u00ednas y es ideal para cualquier deportista.<br \/>\nSi est\u00e1s buscando ganar masa muscular o incrementar tu resistencia,\u00a0BEST WHEY\u00a0 es una excelente opci\u00f3n. Combinalo con XTRENGHT BCAA, XTRENGHT GLUTAMINE y XTRENGHT NITROX.<br \/>\nSi tu objetivo es recuperarte y poder rendir m\u00e1s en el entrenamiento o la disciplina, sumalo a tu ingesta de XTRENGHT BCAA PRO, XTRENGHT BETA ALANINE y XTRENGHT L-CARNTINE.<br \/>\nTambi\u00e9n resulta ideal para quienes est\u00e1n en proceso de p\u00e9rdida de peso, ya que\u00a0BEST WHEY \u00a0ayuda a reemplazar las colaciones y es un suplemento perfecto para ponerte en forma, gracias a sus baj\u00edsimos niveles de calor\u00edas. Combinalo con XTRENGHT CUTTER y XTRENGHT L-CARNITINE.<\/p>\n","protected":false},"excerpt":{"rendered":"<p>Suplemento diet\u00e9tico en polvo para preparar bebida a base de prote\u00ednas de suero.<br \/>\n2 LIBRAS |\u00a030 SERVICIOS\u00a0|\u00a025GR DE PROTE\u00cdNA X SERV.<\/p>\n","protected":false},"featured_media":14549,"template":"","meta":{"_monsterinsights_skip_tracking":false,"_monsterinsights_sitenote_active":false,"_monsterinsights_sitenote_note":"","_monsterinsights_sitenote_category":0},"product_brand":[],"product_cat":[146,133],"product_tag":[],"class_list":{"0":"post-14543","1":"product","2":"type-product","3":"status-publish","4":"has-post-thumbnail","6":"product_cat-proteinas","7":"product_cat-xtrenght","9":"first","10":"instock","11":"taxable","12":"shipping-taxable","13":"purchasable","14":"product-type-variable"},"_links":{"self":[{"href":"https:\/\/stayfit.com.ar\/index.php?rest_route=\/wp\/v2\/product\/14543","targetHints":{"allow":["GET"]}}],"collection":[{"href":"https:\/\/stayfit.com.ar\/index.php?rest_route=\/wp\/v2\/product"}],"about":[{"href":"https:\/\/stayfit.com.ar\/index.php?rest_route=\/wp\/v2\/types\/product"}],"wp:featuredmedia":[{"embeddable":true,"href":"https:\/\/stayfit.com.ar\/index.php?rest_route=\/wp\/v2\/media\/14549"}],"wp:attachment":[{"href":"https:\/\/stayfit.com.ar\/index.php?rest_route=%2Fwp%2Fv2%2Fmedia&parent=14543"}],"wp:term":[{"taxonomy":"product_brand","embeddable":true,"href":"https:\/\/stayfit.com.ar\/index.php?rest_route=%2Fwp%2Fv2%2Fproduct_brand&post=14543"},{"taxonomy":"product_cat","embeddable":true,"href":"https:\/\/stayfit.com.ar\/index.php?rest_route=%2Fwp%2Fv2%2Fproduct_cat&post=14543"},{"taxonomy":"product_tag","embeddable":true,"href":"https:\/\/stayfit.com.ar\/index.php?rest_route=%2Fwp%2Fv2%2Fproduct_tag&post=14543"}],"curies":[{"name":"wp","href":"https:\/\/api.w.org\/{rel}","templated":true}]}}