{"id":14673,"date":"2022-10-08T19:32:18","date_gmt":"2022-10-08T22:32:18","guid":{"rendered":"https:\/\/stayfit.com.ar\/?post_type=product&#038;p=14673"},"modified":"2026-04-07T23:47:32","modified_gmt":"2026-04-08T02:47:32","slug":"ultra-mass-3kg","status":"publish","type":"product","link":"https:\/\/stayfit.com.ar\/?product=ultra-mass-3kg","title":{"rendered":"<strong>ULTRA MASS 3kg ENA<\/strong>"},"content":{"rendered":"<p>DESCRIPCION:<br \/>\nUltra Mass es un alimento natural a base de prote\u00ednas de alto valor biol\u00f3gico, carbohidratos, vitaminas, minerales, lipol\u00edticos y grasas esenciales. Aumentar el tama\u00f1o de la masa muscular requiere del balance entre un entrenamiento duro y una nutrici\u00f3n de calidad.<br \/>\nUltra Mass provee de la suplementaci\u00f3n necesaria para complementar una dieta balanceada. Te provee con las herramientas que necesitas para aumentar tu volumen y ayudarte a desarrollar el f\u00edsico que siempre quisiste. Ya seas un fisicoculturista o simplemente est\u00e1s intentando agregar m\u00fasculo o fibra a tu f\u00edsico, a veces entrenar no es suficiente. Una dieta que apoye el crecimiento y suplementos que ayuden a tu cuerpo a maximizar su potencial son cruciales para el \u00e9xito.<br \/>\nMODO DE USO:<br \/>\nSe deben tomar 2 a 3 medidas a media ma\u00f1ana y 2 o 3 a media tarde, diluidas en 200-250 cm3 de leche o agua. Una medidas es de 35 +\/- 5 grs. Lo ideal es consumir con el vaso batidor ENA para lograr una perfecta disoluci\u00f3n. Se toma alejado de las comidas.<\/p>\n","protected":false},"excerpt":{"rendered":"<p>Suplemento diet\u00e9tico en polvo para preparar bebida a base de carbohidratos, prote\u00ednas de suero y vitaminas.<br \/>\n3 kilos | 24G DE PROTE\u00cdNA X SERV.<\/p>\n","protected":false},"featured_media":14671,"template":"","meta":{"_monsterinsights_skip_tracking":false,"_monsterinsights_sitenote_active":false,"_monsterinsights_sitenote_note":"","_monsterinsights_sitenote_category":0},"product_brand":[],"product_cat":[137,148],"product_tag":[],"class_list":{"0":"post-14673","1":"product","2":"type-product","3":"status-publish","4":"has-post-thumbnail","6":"product_cat-ena","7":"product_cat-ganadores-de-peso","9":"first","10":"instock","11":"taxable","12":"shipping-taxable","13":"purchasable","14":"product-type-variable"},"_links":{"self":[{"href":"https:\/\/stayfit.com.ar\/index.php?rest_route=\/wp\/v2\/product\/14673","targetHints":{"allow":["GET"]}}],"collection":[{"href":"https:\/\/stayfit.com.ar\/index.php?rest_route=\/wp\/v2\/product"}],"about":[{"href":"https:\/\/stayfit.com.ar\/index.php?rest_route=\/wp\/v2\/types\/product"}],"wp:featuredmedia":[{"embeddable":true,"href":"https:\/\/stayfit.com.ar\/index.php?rest_route=\/wp\/v2\/media\/14671"}],"wp:attachment":[{"href":"https:\/\/stayfit.com.ar\/index.php?rest_route=%2Fwp%2Fv2%2Fmedia&parent=14673"}],"wp:term":[{"taxonomy":"product_brand","embeddable":true,"href":"https:\/\/stayfit.com.ar\/index.php?rest_route=%2Fwp%2Fv2%2Fproduct_brand&post=14673"},{"taxonomy":"product_cat","embeddable":true,"href":"https:\/\/stayfit.com.ar\/index.php?rest_route=%2Fwp%2Fv2%2Fproduct_cat&post=14673"},{"taxonomy":"product_tag","embeddable":true,"href":"https:\/\/stayfit.com.ar\/index.php?rest_route=%2Fwp%2Fv2%2Fproduct_tag&post=14673"}],"curies":[{"name":"wp","href":"https:\/\/api.w.org\/{rel}","templated":true}]}}