{"id":14677,"date":"2022-10-08T19:37:36","date_gmt":"2022-10-08T22:37:36","guid":{"rendered":"https:\/\/stayfit.com.ar\/?post_type=product&#038;p=14677"},"modified":"2026-04-11T15:51:34","modified_gmt":"2026-04-11T18:51:34","slug":"muscle-mass-gainer-1-5kg","status":"publish","type":"product","link":"https:\/\/stayfit.com.ar\/?product=muscle-mass-gainer-1-5kg","title":{"rendered":"MUSCLE MASS GAINER 2.250kg GOLD NUTRITION"},"content":{"rendered":"<p>DESCRIPCION:<br \/>\nSu formulaci\u00f3n contiene prote\u00ednas,\u00a0carbohidratos,\u00a0vitaminas,\u00a0minerales\u00a0y\u00a0amino\u00e1cidos.<br \/>\nAdem\u00e1s aporta\u00a0Glutamina\u00a0y\u00a0BCAA\u00a0para una mejor recuperaci\u00f3n muscular y m\u00e1s energ\u00eda.<br \/>\nAs\u00ed optimizando estos ingredientes conseguiremos un aumento r\u00e1pido en nuestra musculatura y peso.<br \/>\nEsta recomendado principalmente para los deportes de fuerza y resistencia y para aquellos que necesiten un extra de energ\u00eda.<br \/>\nTambi\u00e9n se suele recomendar a personas ectomorfas que tienen mucha dificultad para aumentar de peso.<br \/>\nMODO DE USO:<br \/>\nDiluir en un shaker GOLD NUTRITION 1 medida \u201ccolmada\u201d 30gs. en 150ml o 200ml de agua o leche descremada.<br \/>\nVar\u00ede la cantidad de l\u00edquido para lograr el sabor y la consistencia deseada<br \/>\nBatir y consumir.<\/p>\n","protected":false},"excerpt":{"rendered":"<p>Suplemento diet\u00e9tico en polvo para preparar bebida a base de carbohidratos, prote\u00ednas de suero y vitaminas.<br \/>\n1.5 kilos | 24G DE PROTE\u00cdNA X SERV.<\/p>\n","protected":false},"featured_media":14680,"template":"","meta":{"_monsterinsights_skip_tracking":false,"_monsterinsights_sitenote_active":false,"_monsterinsights_sitenote_note":"","_monsterinsights_sitenote_category":0},"product_brand":[],"product_cat":[148,141],"product_tag":[],"class_list":{"0":"post-14677","1":"product","2":"type-product","3":"status-publish","4":"has-post-thumbnail","6":"product_cat-ganadores-de-peso","7":"product_cat-gold-nutrition","9":"first","10":"instock","11":"taxable","12":"shipping-taxable","13":"purchasable","14":"product-type-variable"},"_links":{"self":[{"href":"https:\/\/stayfit.com.ar\/index.php?rest_route=\/wp\/v2\/product\/14677","targetHints":{"allow":["GET"]}}],"collection":[{"href":"https:\/\/stayfit.com.ar\/index.php?rest_route=\/wp\/v2\/product"}],"about":[{"href":"https:\/\/stayfit.com.ar\/index.php?rest_route=\/wp\/v2\/types\/product"}],"wp:featuredmedia":[{"embeddable":true,"href":"https:\/\/stayfit.com.ar\/index.php?rest_route=\/wp\/v2\/media\/14680"}],"wp:attachment":[{"href":"https:\/\/stayfit.com.ar\/index.php?rest_route=%2Fwp%2Fv2%2Fmedia&parent=14677"}],"wp:term":[{"taxonomy":"product_brand","embeddable":true,"href":"https:\/\/stayfit.com.ar\/index.php?rest_route=%2Fwp%2Fv2%2Fproduct_brand&post=14677"},{"taxonomy":"product_cat","embeddable":true,"href":"https:\/\/stayfit.com.ar\/index.php?rest_route=%2Fwp%2Fv2%2Fproduct_cat&post=14677"},{"taxonomy":"product_tag","embeddable":true,"href":"https:\/\/stayfit.com.ar\/index.php?rest_route=%2Fwp%2Fv2%2Fproduct_tag&post=14677"}],"curies":[{"name":"wp","href":"https:\/\/api.w.org\/{rel}","templated":true}]}}