{"id":14700,"date":"2022-10-08T20:18:31","date_gmt":"2022-10-08T23:18:31","guid":{"rendered":"https:\/\/stayfit.com.ar\/?post_type=product&#038;p=14700"},"modified":"2026-04-07T23:47:32","modified_gmt":"2026-04-08T02:47:32","slug":"creatina-micronizada-300gr","status":"publish","type":"product","link":"https:\/\/stayfit.com.ar\/?product=creatina-micronizada-300gr","title":{"rendered":"<strong>CREATINA MICRONIZADA 300gr ENA<\/strong>"},"content":{"rendered":"<p>DESCRIPCION:<br \/>\nNuestra CREATINA MICRONIZADA es un excelente suplemento pre entrenamiento ya que colabora en la formaci\u00f3n de los componentes energ\u00e9ticos, mejora la potencia muscular y retrasa la fatiga muscular, preparando al cuerpo para un mejor rendimiento f\u00edsico Ha sido demostrado que apoya el crecimiento del tama\u00f1o de los m\u00fasculos, y el aumento de fuerza y poder cuando se la combina con actividades de alta intensidad.<br \/>\nMODO DE USO:<br \/>\nIngesta diaria: 6,5 gm aprox. por d\u00eda (1 medida sin colmar aprox.) en 200cm3 de agua o jugos.<\/p>\n","protected":false},"excerpt":{"rendered":"<p>Suplemento dietario a base de Creatina Monohidrato.<br \/>\n300G | 60 SERV. | 5G CREATINA X SERV. | ULTRAMICRONIZED<br \/>\n100% PURA | AUMENTA EL VOLUMEN Y LA RESISTENCIA<\/p>\n","protected":false},"featured_media":16820,"template":"","meta":{"_monsterinsights_skip_tracking":false,"_monsterinsights_sitenote_active":false,"_monsterinsights_sitenote_note":"","_monsterinsights_sitenote_category":0},"product_brand":[],"product_cat":[149,137],"product_tag":[],"class_list":{"0":"post-14700","1":"product","2":"type-product","3":"status-publish","4":"has-post-thumbnail","6":"product_cat-creatinas","7":"product_cat-ena","9":"first","10":"instock","11":"sale","12":"taxable","13":"shipping-taxable","14":"purchasable","15":"product-type-variable"},"_links":{"self":[{"href":"https:\/\/stayfit.com.ar\/index.php?rest_route=\/wp\/v2\/product\/14700","targetHints":{"allow":["GET"]}}],"collection":[{"href":"https:\/\/stayfit.com.ar\/index.php?rest_route=\/wp\/v2\/product"}],"about":[{"href":"https:\/\/stayfit.com.ar\/index.php?rest_route=\/wp\/v2\/types\/product"}],"wp:featuredmedia":[{"embeddable":true,"href":"https:\/\/stayfit.com.ar\/index.php?rest_route=\/wp\/v2\/media\/16820"}],"wp:attachment":[{"href":"https:\/\/stayfit.com.ar\/index.php?rest_route=%2Fwp%2Fv2%2Fmedia&parent=14700"}],"wp:term":[{"taxonomy":"product_brand","embeddable":true,"href":"https:\/\/stayfit.com.ar\/index.php?rest_route=%2Fwp%2Fv2%2Fproduct_brand&post=14700"},{"taxonomy":"product_cat","embeddable":true,"href":"https:\/\/stayfit.com.ar\/index.php?rest_route=%2Fwp%2Fv2%2Fproduct_cat&post=14700"},{"taxonomy":"product_tag","embeddable":true,"href":"https:\/\/stayfit.com.ar\/index.php?rest_route=%2Fwp%2Fv2%2Fproduct_tag&post=14700"}],"curies":[{"name":"wp","href":"https:\/\/api.w.org\/{rel}","templated":true}]}}