{"id":14727,"date":"2022-10-09T16:30:54","date_gmt":"2022-10-09T19:30:54","guid":{"rendered":"https:\/\/stayfit.com.ar\/?post_type=product&#038;p=14727"},"modified":"2026-03-27T09:22:35","modified_gmt":"2026-03-27T12:22:35","slug":"l-carnitina-liquida-500ml","status":"publish","type":"product","link":"https:\/\/stayfit.com.ar\/?product=l-carnitina-liquida-500ml","title":{"rendered":"<strong>L- CARNITINA LIQUIDA 500ml STAR NUTRITION<\/strong>"},"content":{"rendered":"<p>DESCRIPCION:<br \/>\nL-Carnitine es un nutriente vitam\u00ednico de origen natural. Cumple un importante rol en el metabolismo humano.<br \/>\nEs esencial en la utilizaci\u00f3n de las grasas y como transporte de energ\u00eda metab\u00f3lica.<br \/>\nMODO DE USO:<br \/>\nConsumir 2 porciones diarias o como lo indique su especialista.<\/p>\n","protected":false},"excerpt":{"rendered":"<p>Suplemento dietario a base de USP L-Carnitina de grado farmacologico.<br \/>\n1000MG L-CARNITINA | 33 SERV. | 100% U.S.P. L-CARNITINA<\/p>\n","protected":false},"featured_media":14730,"template":"","meta":{"_monsterinsights_skip_tracking":false,"_monsterinsights_sitenote_active":false,"_monsterinsights_sitenote_note":"","_monsterinsights_sitenote_category":0},"product_brand":[],"product_cat":[151,129],"product_tag":[],"class_list":{"0":"post-14727","1":"product","2":"type-product","3":"status-publish","4":"has-post-thumbnail","6":"product_cat-carnitinas","7":"product_cat-star-nutrition","9":"first","10":"instock","11":"taxable","12":"shipping-taxable","13":"product-type-variable"},"_links":{"self":[{"href":"https:\/\/stayfit.com.ar\/index.php?rest_route=\/wp\/v2\/product\/14727","targetHints":{"allow":["GET"]}}],"collection":[{"href":"https:\/\/stayfit.com.ar\/index.php?rest_route=\/wp\/v2\/product"}],"about":[{"href":"https:\/\/stayfit.com.ar\/index.php?rest_route=\/wp\/v2\/types\/product"}],"wp:featuredmedia":[{"embeddable":true,"href":"https:\/\/stayfit.com.ar\/index.php?rest_route=\/wp\/v2\/media\/14730"}],"wp:attachment":[{"href":"https:\/\/stayfit.com.ar\/index.php?rest_route=%2Fwp%2Fv2%2Fmedia&parent=14727"}],"wp:term":[{"taxonomy":"product_brand","embeddable":true,"href":"https:\/\/stayfit.com.ar\/index.php?rest_route=%2Fwp%2Fv2%2Fproduct_brand&post=14727"},{"taxonomy":"product_cat","embeddable":true,"href":"https:\/\/stayfit.com.ar\/index.php?rest_route=%2Fwp%2Fv2%2Fproduct_cat&post=14727"},{"taxonomy":"product_tag","embeddable":true,"href":"https:\/\/stayfit.com.ar\/index.php?rest_route=%2Fwp%2Fv2%2Fproduct_tag&post=14727"}],"curies":[{"name":"wp","href":"https:\/\/api.w.org\/{rel}","templated":true}]}}