{"id":14754,"date":"2022-10-09T17:10:06","date_gmt":"2022-10-09T20:10:06","guid":{"rendered":"https:\/\/stayfit.com.ar\/?post_type=product&#038;p=14754"},"modified":"2026-04-07T23:47:28","modified_gmt":"2026-04-08T02:47:28","slug":"hydroxy-max-night-120caps","status":"publish","type":"product","link":"https:\/\/stayfit.com.ar\/?product=hydroxy-max-night-120caps","title":{"rendered":"HYDROXY MAX NIGHT 120caps ENA"},"content":{"rendered":"<p>DESCRIPCION:<br \/>\nPotente termog\u00e9nico, ayuda al descenso de peso. A base de garcinia, taurina, t\u00e9 verde, naranjas amargas, carnitina, tirosina, guaran\u00e1, ginseng siberiano y uva ursi, una combinaci\u00f3n nunca antes vista para ofrecerte una experiencia \u00fanica. Junto con un intenso estallido de energ\u00eda te ayuda a entrenar con m\u00e1xima intensidad desde el primer d\u00eda.<br \/>\nHydroxy max es un poderoso termog\u00e9nico que ayuda a aumentar tu tasa metab\u00f3lica. Tiene todo lo necesario para entrenar m\u00e1s duro y esculpir el cuerpo que siempre has querido.<br \/>\nMODO DE USO:<br \/>\nIngesta diaria: 4 tabletas. Consumir\u00a04 tabletas 30 minutos antes de la cena.<\/p>\n","protected":false},"excerpt":{"rendered":"<p>Suplemento dietario a base de extractos vegetales y vitaminas, en c\u00e1psulas.<br \/>\n120 CAP. | 6 EXT. NATURALES<\/p>\n","protected":false},"featured_media":14755,"template":"","meta":{"_monsterinsights_skip_tracking":false,"_monsterinsights_sitenote_active":false,"_monsterinsights_sitenote_note":"","_monsterinsights_sitenote_category":0},"product_brand":[],"product_cat":[137,152],"product_tag":[],"class_list":{"0":"post-14754","1":"product","2":"type-product","3":"status-publish","4":"has-post-thumbnail","6":"product_cat-ena","7":"product_cat-quemadores","9":"first","10":"instock","11":"taxable","12":"shipping-taxable","13":"purchasable","14":"product-type-simple"},"_links":{"self":[{"href":"https:\/\/stayfit.com.ar\/index.php?rest_route=\/wp\/v2\/product\/14754","targetHints":{"allow":["GET"]}}],"collection":[{"href":"https:\/\/stayfit.com.ar\/index.php?rest_route=\/wp\/v2\/product"}],"about":[{"href":"https:\/\/stayfit.com.ar\/index.php?rest_route=\/wp\/v2\/types\/product"}],"wp:featuredmedia":[{"embeddable":true,"href":"https:\/\/stayfit.com.ar\/index.php?rest_route=\/wp\/v2\/media\/14755"}],"wp:attachment":[{"href":"https:\/\/stayfit.com.ar\/index.php?rest_route=%2Fwp%2Fv2%2Fmedia&parent=14754"}],"wp:term":[{"taxonomy":"product_brand","embeddable":true,"href":"https:\/\/stayfit.com.ar\/index.php?rest_route=%2Fwp%2Fv2%2Fproduct_brand&post=14754"},{"taxonomy":"product_cat","embeddable":true,"href":"https:\/\/stayfit.com.ar\/index.php?rest_route=%2Fwp%2Fv2%2Fproduct_cat&post=14754"},{"taxonomy":"product_tag","embeddable":true,"href":"https:\/\/stayfit.com.ar\/index.php?rest_route=%2Fwp%2Fv2%2Fproduct_tag&post=14754"}],"curies":[{"name":"wp","href":"https:\/\/api.w.org\/{rel}","templated":true}]}}