{"id":14763,"date":"2022-10-09T17:32:37","date_gmt":"2022-10-09T20:32:37","guid":{"rendered":"https:\/\/stayfit.com.ar\/?post_type=product&#038;p=14763"},"modified":"2025-11-24T18:15:09","modified_gmt":"2025-11-24T21:15:09","slug":"tx3-black-cuts-60caps","status":"publish","type":"product","link":"https:\/\/stayfit.com.ar\/?product=tx3-black-cuts-60caps","title":{"rendered":"TX3 BLACK CUTS 60caps GENTECH"},"content":{"rendered":"<p>DESCRIPCION:<br \/>\nLa sinergia entre sus componentes (CLA y L-carnitina) permite transportar los \u00e1cidos grasos al interior de los tejidos musculares, a sus mitocondrias, para transformarlos en energ\u00eda. La presencia de cafe\u00edna en su f\u00f3rmula, ayuda a aumentar la potencia y prolongar la energ\u00eda desde el comienzo del entrenamiento hasta el final. Al realizar actividad f\u00edsica se estimula el transporte de grasa desde la c\u00e9lula adiposa y el torrente sangu\u00edneo, para ser utilizada como energ\u00eda en la c\u00e9lula muscular. Obteniendo como resultado una reducci\u00f3n del porcentaje de masa grasa y aumento del tejido muscular.<br \/>\nMODO DE USO:<br \/>\nEstos suplementos,\u00a0 para que funcionen y hagan su labor correctamente, se debe completar con una dieta saludable y ejercicio f\u00edsico.<br \/>\nSon una gran ayuda para que el metabolismo elimine r\u00e1pidamente las grasas del cuerpo. 2 Capsulas 30-45 minutos antes de entrenar.<\/p>\n","protected":false},"excerpt":{"rendered":"<p>Suplemento dietario a base de extractos vegetales y vitaminas, en c\u00e1psulas.<br \/>\n60 CAP. | 6 EXT. NATURALES<\/p>\n","protected":false},"featured_media":14764,"template":"","meta":{"_monsterinsights_skip_tracking":false,"_monsterinsights_sitenote_active":false,"_monsterinsights_sitenote_note":"","_monsterinsights_sitenote_category":0},"product_brand":[],"product_cat":[147,152],"product_tag":[],"class_list":{"0":"post-14763","1":"product","2":"type-product","3":"status-publish","4":"has-post-thumbnail","6":"product_cat-gentech","7":"product_cat-quemadores","9":"first","10":"instock","11":"taxable","12":"shipping-taxable","13":"purchasable","14":"product-type-simple"},"_links":{"self":[{"href":"https:\/\/stayfit.com.ar\/index.php?rest_route=\/wp\/v2\/product\/14763","targetHints":{"allow":["GET"]}}],"collection":[{"href":"https:\/\/stayfit.com.ar\/index.php?rest_route=\/wp\/v2\/product"}],"about":[{"href":"https:\/\/stayfit.com.ar\/index.php?rest_route=\/wp\/v2\/types\/product"}],"wp:featuredmedia":[{"embeddable":true,"href":"https:\/\/stayfit.com.ar\/index.php?rest_route=\/wp\/v2\/media\/14764"}],"wp:attachment":[{"href":"https:\/\/stayfit.com.ar\/index.php?rest_route=%2Fwp%2Fv2%2Fmedia&parent=14763"}],"wp:term":[{"taxonomy":"product_brand","embeddable":true,"href":"https:\/\/stayfit.com.ar\/index.php?rest_route=%2Fwp%2Fv2%2Fproduct_brand&post=14763"},{"taxonomy":"product_cat","embeddable":true,"href":"https:\/\/stayfit.com.ar\/index.php?rest_route=%2Fwp%2Fv2%2Fproduct_cat&post=14763"},{"taxonomy":"product_tag","embeddable":true,"href":"https:\/\/stayfit.com.ar\/index.php?rest_route=%2Fwp%2Fv2%2Fproduct_tag&post=14763"}],"curies":[{"name":"wp","href":"https:\/\/api.w.org\/{rel}","templated":true}]}}