{"id":14817,"date":"2022-10-09T21:17:39","date_gmt":"2022-10-10T00:17:39","guid":{"rendered":"https:\/\/stayfit.com.ar\/?post_type=product&#038;p=14817"},"modified":"2026-03-27T09:22:28","modified_gmt":"2026-03-27T12:22:28","slug":"n-o-booster-5-180caps","status":"publish","type":"product","link":"https:\/\/stayfit.com.ar\/?product=n-o-booster-5-180caps","title":{"rendered":"N.O. BOOSTER 5 180caps STAR NUTRITION"},"content":{"rendered":"<p>DESCRIPCION:<br \/>\nEn t\u00e9rminos simples es cuando los vasos sangu\u00edneos se dilatan y relajan, cuando los vasos sangu\u00edneos se relajan, se ensanchan.<br \/>\nEl \u00d3xido N\u00edtrico (N.O.) es la clave en este punto.<br \/>\nEl N.O. es un importante vasodilatador pulmonar end\u00f3geno, que aumenta la capacidad de tu cuerpo para llevar la sangre hasta los m\u00fasculos en movimiento. M\u00e1s sangre significa m\u00e1s oxigeno y nutrientes que son bombeados hacia los m\u00fasculos en movimiento. Todo esto se traduce en un inflado masivo voluminoso y m\u00e1s crecimiento general. De hecho con N.O. Booster puedes esperar mayor tama\u00f1o muscular, fuerza, resistencia y acelarar los tiempos de recuperaci\u00f3n.<br \/>\nMODO DE USO:<br \/>\nComo suplemento dietario, tomar 3 comprimidos (2 veces por d\u00eda, una vez por la ma\u00f1ana y otra 30 minutos antes de almorzar). Para maximizar los resultados, beber un m\u00ednimo de 1,8 L de agua mientras se utiliza este producto.<\/p>\n","protected":false},"excerpt":{"rendered":"<p>Suplemento dietario a base de arginina alpha-ketoglutarato, ornitina alpha-ketoglutarato, l-arginina, niacina y biotina.<br \/>\n180 COMP. | 60 SERV. | 3000MG COMPLEJO N.O. X SERV.<\/p>\n","protected":false},"featured_media":14819,"template":"","meta":{"_monsterinsights_skip_tracking":false,"_monsterinsights_sitenote_active":false,"_monsterinsights_sitenote_note":"","_monsterinsights_sitenote_category":0},"product_brand":[],"product_cat":[156,129],"product_tag":[],"class_list":{"0":"post-14817","1":"product","2":"type-product","3":"status-publish","4":"has-post-thumbnail","6":"product_cat-oxidos-nitricos","7":"product_cat-star-nutrition","9":"first","10":"instock","11":"taxable","12":"shipping-taxable","13":"product-type-simple"},"_links":{"self":[{"href":"https:\/\/stayfit.com.ar\/index.php?rest_route=\/wp\/v2\/product\/14817","targetHints":{"allow":["GET"]}}],"collection":[{"href":"https:\/\/stayfit.com.ar\/index.php?rest_route=\/wp\/v2\/product"}],"about":[{"href":"https:\/\/stayfit.com.ar\/index.php?rest_route=\/wp\/v2\/types\/product"}],"wp:featuredmedia":[{"embeddable":true,"href":"https:\/\/stayfit.com.ar\/index.php?rest_route=\/wp\/v2\/media\/14819"}],"wp:attachment":[{"href":"https:\/\/stayfit.com.ar\/index.php?rest_route=%2Fwp%2Fv2%2Fmedia&parent=14817"}],"wp:term":[{"taxonomy":"product_brand","embeddable":true,"href":"https:\/\/stayfit.com.ar\/index.php?rest_route=%2Fwp%2Fv2%2Fproduct_brand&post=14817"},{"taxonomy":"product_cat","embeddable":true,"href":"https:\/\/stayfit.com.ar\/index.php?rest_route=%2Fwp%2Fv2%2Fproduct_cat&post=14817"},{"taxonomy":"product_tag","embeddable":true,"href":"https:\/\/stayfit.com.ar\/index.php?rest_route=%2Fwp%2Fv2%2Fproduct_tag&post=14817"}],"curies":[{"name":"wp","href":"https:\/\/api.w.org\/{rel}","templated":true}]}}