{"id":15859,"date":"2022-12-25T21:30:11","date_gmt":"2022-12-26T00:30:11","guid":{"rendered":"https:\/\/stayfit.com.ar\/?post_type=product&#038;p=15859"},"modified":"2025-11-24T14:46:11","modified_gmt":"2025-11-24T17:46:11","slug":"complex-b-240gr","status":"publish","type":"product","link":"https:\/\/stayfit.com.ar\/?product=complex-b-240gr","title":{"rendered":"<strong>VITAMINA C 240gr BODY ADVANCE<\/strong>"},"content":{"rendered":"<p>DESCRIPCION:<br \/>\nLa Vitamina C es tal vez la m\u00e1s conocida y utilizada de todas las vitaminas. Ayuda a fortalecer el sistema inmune, es antioxidante, anti-stress e indispensable en el metabolismo del \u00e1cido f\u00f3lico. Colabora protegiendo contra los efectos de la contaminaci\u00f3n ambienta y protegiendo al organismo contra los efectos nocivos de los radicales libres, ayudando a aumentar las defensas del organismo.<br \/>\nMODO DE USO:<\/p>\n<p>Se recomienda tomar 1 scoop por d\u00eda, preferentemente por la ma\u00f1ana.<\/p>\n","protected":false},"excerpt":{"rendered":"<p>Suplemento ideal para aportar este nutriente esencial que tu cuerpo necesita para su buen funcionamiento 30 servicios<\/p>\n","protected":false},"featured_media":15860,"template":"","meta":{"_monsterinsights_skip_tracking":false,"_monsterinsights_sitenote_active":false,"_monsterinsights_sitenote_note":"","_monsterinsights_sitenote_category":0},"product_brand":[],"product_cat":[126,171],"product_tag":[],"class_list":{"0":"post-15859","1":"product","2":"type-product","3":"status-publish","4":"has-post-thumbnail","6":"product_cat-body-advance","7":"product_cat-vitaminas","9":"first","10":"instock","11":"taxable","12":"shipping-taxable","13":"purchasable","14":"product-type-simple"},"_links":{"self":[{"href":"https:\/\/stayfit.com.ar\/index.php?rest_route=\/wp\/v2\/product\/15859","targetHints":{"allow":["GET"]}}],"collection":[{"href":"https:\/\/stayfit.com.ar\/index.php?rest_route=\/wp\/v2\/product"}],"about":[{"href":"https:\/\/stayfit.com.ar\/index.php?rest_route=\/wp\/v2\/types\/product"}],"wp:featuredmedia":[{"embeddable":true,"href":"https:\/\/stayfit.com.ar\/index.php?rest_route=\/wp\/v2\/media\/15860"}],"wp:attachment":[{"href":"https:\/\/stayfit.com.ar\/index.php?rest_route=%2Fwp%2Fv2%2Fmedia&parent=15859"}],"wp:term":[{"taxonomy":"product_brand","embeddable":true,"href":"https:\/\/stayfit.com.ar\/index.php?rest_route=%2Fwp%2Fv2%2Fproduct_brand&post=15859"},{"taxonomy":"product_cat","embeddable":true,"href":"https:\/\/stayfit.com.ar\/index.php?rest_route=%2Fwp%2Fv2%2Fproduct_cat&post=15859"},{"taxonomy":"product_tag","embeddable":true,"href":"https:\/\/stayfit.com.ar\/index.php?rest_route=%2Fwp%2Fv2%2Fproduct_tag&post=15859"}],"curies":[{"name":"wp","href":"https:\/\/api.w.org\/{rel}","templated":true}]}}