{"id":16070,"date":"2023-01-10T18:02:48","date_gmt":"2023-01-10T21:02:48","guid":{"rendered":"https:\/\/stayfit.com.ar\/?post_type=product&#038;p=16070"},"modified":"2025-10-11T10:36:05","modified_gmt":"2025-10-11T13:36:05","slug":"universal-animal-whey-1814gr","status":"publish","type":"product","link":"https:\/\/stayfit.com.ar\/?product=universal-animal-whey-1814gr","title":{"rendered":"ANIMAL WHEY 1814gr UNIVERSAL"},"content":{"rendered":"<p>DESCRIPCION: Animal Whey.\u00a0Rico en aislado de prote\u00edna de suero preciado, fortificado con enzimas digestivas, se mezcla f\u00e1cilmente.\u00a0La friolera de 25 gramos de prote\u00edna por cucharada.\u00a0Y sabe muy bien.\u00a0Nos esforzamos por crear la fuente ideal de prote\u00ednas para el culturismo, una digna del legado Animal de m\u00e1s de treinta a\u00f1os, y los elogios obtenidos en las trincheras nos aseguran que esta empresa fue un \u00e9xito.\u00a0Sin embargo, nunca nos conformamos, seguimos presionando por la excelencia.<br \/>\nMODO DE USO:<br \/>\nMezcle 1 cucharada de Animal Whey Protein Isolate Powder con 4-6 onzas de leche descremada o la bebida de su elecci\u00f3n. Para obtener los mejores resultados, use una licuadora o un Animal Shaker Cup.\u00a0En los d\u00edas de entrenamiento, use 2 o m\u00e1s porciones despu\u00e9s del entrenamiento o cuando se requiera m\u00e1s prote\u00edna.\u00a0Para obtener m\u00e1s sabor, use un poco menos de l\u00edquido cuando mezcle Animal Whey<\/p>\n","protected":false},"excerpt":{"rendered":"<p>Suplemento diet\u00e9tico en polvo para preparar bebida a base de prote\u00ednas de suero.<br \/>\n1814gr | 25GR DE PROTE\u00cdNA X SERV.<\/p>\n","protected":false},"featured_media":16071,"template":"","meta":{"_monsterinsights_skip_tracking":false,"_monsterinsights_sitenote_active":false,"_monsterinsights_sitenote_note":"","_monsterinsights_sitenote_category":0},"product_brand":[],"product_cat":[186,146],"product_tag":[],"class_list":{"0":"post-16070","1":"product","2":"type-product","3":"status-publish","4":"has-post-thumbnail","6":"product_cat-importados","7":"product_cat-proteinas","9":"first","10":"instock","11":"taxable","12":"shipping-taxable","13":"product-type-simple"},"_links":{"self":[{"href":"https:\/\/stayfit.com.ar\/index.php?rest_route=\/wp\/v2\/product\/16070","targetHints":{"allow":["GET"]}}],"collection":[{"href":"https:\/\/stayfit.com.ar\/index.php?rest_route=\/wp\/v2\/product"}],"about":[{"href":"https:\/\/stayfit.com.ar\/index.php?rest_route=\/wp\/v2\/types\/product"}],"wp:featuredmedia":[{"embeddable":true,"href":"https:\/\/stayfit.com.ar\/index.php?rest_route=\/wp\/v2\/media\/16071"}],"wp:attachment":[{"href":"https:\/\/stayfit.com.ar\/index.php?rest_route=%2Fwp%2Fv2%2Fmedia&parent=16070"}],"wp:term":[{"taxonomy":"product_brand","embeddable":true,"href":"https:\/\/stayfit.com.ar\/index.php?rest_route=%2Fwp%2Fv2%2Fproduct_brand&post=16070"},{"taxonomy":"product_cat","embeddable":true,"href":"https:\/\/stayfit.com.ar\/index.php?rest_route=%2Fwp%2Fv2%2Fproduct_cat&post=16070"},{"taxonomy":"product_tag","embeddable":true,"href":"https:\/\/stayfit.com.ar\/index.php?rest_route=%2Fwp%2Fv2%2Fproduct_tag&post=16070"}],"curies":[{"name":"wp","href":"https:\/\/api.w.org\/{rel}","templated":true}]}}