{"id":16092,"date":"2023-01-10T19:03:37","date_gmt":"2023-01-10T22:03:37","guid":{"rendered":"https:\/\/stayfit.com.ar\/?post_type=product&#038;p=16092"},"modified":"2025-10-11T10:36:08","modified_gmt":"2025-10-11T13:36:08","slug":"o-n-serius-mass-5443gr","status":"publish","type":"product","link":"https:\/\/stayfit.com.ar\/?product=o-n-serius-mass-5443gr","title":{"rendered":"SERIUS MASS 5443gr ON"},"content":{"rendered":"<p>DESCRIPCION: SERIOUS MASS es la f\u00f3rmula definitiva para el desarrollo muscular y el aumento de peso.\u00a0Con 1,250 calor\u00edas por porci\u00f3n de 2 cucharadas y 50 gramos de prote\u00edna para apoyar la recuperaci\u00f3n muscular, este polvo es el batido ideal para despu\u00e9s del entrenamiento y entre comidas para evaluar sus objetivos.\u00a0SERIOUS MASS le brinda las herramientas que necesita para respaldar sus objetivos de aumento de peso.\u00b9<br \/>\nMODO DE USO:<br \/>\nMezcle 2 cucharadas del polvo en 24 onzas l\u00edquidas de agua fr\u00eda o leche usando una licuadora el\u00e9ctrica.\u00a0Esto le permite agregar frutas, mantequilla de man\u00ed y otros alimentos que aportan calor\u00edas.\u00a0CONSEJO: Los nuevos usuarios deben comenzar con una media porci\u00f3n de 1 cucharada.<\/p>\n","protected":false},"excerpt":{"rendered":"<p>Suplemento diet\u00e9tico en polvo para preparar bebida a base de prote\u00ednas de suero.<br \/>\n5443gr | 50GR DE PROTE\u00cdNA X SERV.<\/p>\n","protected":false},"featured_media":16093,"template":"","meta":{"_monsterinsights_skip_tracking":false,"_monsterinsights_sitenote_active":false,"_monsterinsights_sitenote_note":"","_monsterinsights_sitenote_category":0},"product_brand":[],"product_cat":[148,186],"product_tag":[],"class_list":{"0":"post-16092","1":"product","2":"type-product","3":"status-publish","4":"has-post-thumbnail","6":"product_cat-ganadores-de-peso","7":"product_cat-importados","9":"first","10":"instock","11":"taxable","12":"shipping-taxable","13":"product-type-simple"},"_links":{"self":[{"href":"https:\/\/stayfit.com.ar\/index.php?rest_route=\/wp\/v2\/product\/16092","targetHints":{"allow":["GET"]}}],"collection":[{"href":"https:\/\/stayfit.com.ar\/index.php?rest_route=\/wp\/v2\/product"}],"about":[{"href":"https:\/\/stayfit.com.ar\/index.php?rest_route=\/wp\/v2\/types\/product"}],"wp:featuredmedia":[{"embeddable":true,"href":"https:\/\/stayfit.com.ar\/index.php?rest_route=\/wp\/v2\/media\/16093"}],"wp:attachment":[{"href":"https:\/\/stayfit.com.ar\/index.php?rest_route=%2Fwp%2Fv2%2Fmedia&parent=16092"}],"wp:term":[{"taxonomy":"product_brand","embeddable":true,"href":"https:\/\/stayfit.com.ar\/index.php?rest_route=%2Fwp%2Fv2%2Fproduct_brand&post=16092"},{"taxonomy":"product_cat","embeddable":true,"href":"https:\/\/stayfit.com.ar\/index.php?rest_route=%2Fwp%2Fv2%2Fproduct_cat&post=16092"},{"taxonomy":"product_tag","embeddable":true,"href":"https:\/\/stayfit.com.ar\/index.php?rest_route=%2Fwp%2Fv2%2Fproduct_tag&post=16092"}],"curies":[{"name":"wp","href":"https:\/\/api.w.org\/{rel}","templated":true}]}}