{"id":16121,"date":"2023-01-11T17:26:11","date_gmt":"2023-01-11T20:26:11","guid":{"rendered":"https:\/\/stayfit.com.ar\/?post_type=product&#038;p=16121"},"modified":"2025-10-11T10:36:09","modified_gmt":"2025-10-11T13:36:09","slug":"bsn-creatina-monohidrato-300gr","status":"publish","type":"product","link":"https:\/\/stayfit.com.ar\/?product=bsn-creatina-monohidrato-300gr","title":{"rendered":"CREATINE DRIVE 300gr NUTREX"},"content":{"rendered":"<p>DESCRIPCION:<br \/>\ncontiene monohidrato de creatina puro, seguro y efectivo.\u00a0El monohidrato de creatina generalmente se toma diariamente en cantidades de varios gramos durante un per\u00edodo bastante prolongado.\u00a0Por esta raz\u00f3n, la calidad de tu creatina debe ser un factor cr\u00edtico al seleccionar un producto.\u00a0Su creatina puede parecer un polvo blanco puro, pero aun as\u00ed puede ser de calidad inferior y contener impurezas toxicol\u00f3gicamente da\u00f1inas.\u00a0Nuestro monohidrato de creatina satisface incluso las demandas de calidad, seguridad y eficacia de los consumidores m\u00e1s exigentes.<br \/>\nMODO DE USO:<br \/>\nEl consumo diario de 1-2 peque\u00f1as dosis de CREATINE DRIVE suministra creatina r\u00e1pidamente a sus m\u00fasculos, lo que conduce a un aumento de la masa muscular y una mayor capacidad de entrenamiento con ganancias de fuerza notables.\u00a0CREATINE DRIVE no tiene sabor y se puede agregar f\u00e1cilmente a cualquier bebida de su elecci\u00f3n.<\/p>\n","protected":false},"excerpt":{"rendered":"<p>Suplemento dietario a base de Creatina Monohidrato.<br \/>\n300g| 5G CREATINA X SERV. | ULTRAMICRONIZED<br \/>\n100% PURA | AUMENTA EL VOLUMEN Y LA RESISTENCIA<\/p>\n","protected":false},"featured_media":16124,"template":"","meta":{"_monsterinsights_skip_tracking":false,"_monsterinsights_sitenote_active":false,"_monsterinsights_sitenote_note":"","_monsterinsights_sitenote_category":0},"product_brand":[],"product_cat":[149,186],"product_tag":[],"class_list":{"0":"post-16121","1":"product","2":"type-product","3":"status-publish","4":"has-post-thumbnail","6":"product_cat-creatinas","7":"product_cat-importados","9":"first","10":"instock","11":"taxable","12":"shipping-taxable","13":"product-type-simple"},"_links":{"self":[{"href":"https:\/\/stayfit.com.ar\/index.php?rest_route=\/wp\/v2\/product\/16121","targetHints":{"allow":["GET"]}}],"collection":[{"href":"https:\/\/stayfit.com.ar\/index.php?rest_route=\/wp\/v2\/product"}],"about":[{"href":"https:\/\/stayfit.com.ar\/index.php?rest_route=\/wp\/v2\/types\/product"}],"wp:featuredmedia":[{"embeddable":true,"href":"https:\/\/stayfit.com.ar\/index.php?rest_route=\/wp\/v2\/media\/16124"}],"wp:attachment":[{"href":"https:\/\/stayfit.com.ar\/index.php?rest_route=%2Fwp%2Fv2%2Fmedia&parent=16121"}],"wp:term":[{"taxonomy":"product_brand","embeddable":true,"href":"https:\/\/stayfit.com.ar\/index.php?rest_route=%2Fwp%2Fv2%2Fproduct_brand&post=16121"},{"taxonomy":"product_cat","embeddable":true,"href":"https:\/\/stayfit.com.ar\/index.php?rest_route=%2Fwp%2Fv2%2Fproduct_cat&post=16121"},{"taxonomy":"product_tag","embeddable":true,"href":"https:\/\/stayfit.com.ar\/index.php?rest_route=%2Fwp%2Fv2%2Fproduct_tag&post=16121"}],"curies":[{"name":"wp","href":"https:\/\/api.w.org\/{rel}","templated":true}]}}