{"id":16125,"date":"2023-01-11T17:32:24","date_gmt":"2023-01-11T20:32:24","guid":{"rendered":"https:\/\/stayfit.com.ar\/?post_type=product&#038;p=16125"},"modified":"2025-10-11T10:36:10","modified_gmt":"2025-10-11T13:36:10","slug":"o-n-glutamina-300gr","status":"publish","type":"product","link":"https:\/\/stayfit.com.ar\/?product=o-n-glutamina-300gr","title":{"rendered":"GLUTAMINA 300gr ON"},"content":{"rendered":"<p>DESCRIPCION:<br \/>\nLa glutamina es el amino\u00e1cido m\u00e1s abundante en el cuerpo y comprende m\u00e1s del 60 % del conjunto de amino\u00e1cidos libres en el m\u00fasculo esquel\u00e9tico y m\u00e1s del 20 % del total de amino\u00e1cidos circulantes.\u00a0Durante el ejercicio intenso y prolongado, los niveles de glutamina en los m\u00fasculos pueden agotarse y esto puede limitar la s\u00edntesis de prote\u00ednas.\u00b9 La glutamina en polvo es una manera f\u00e1cil de complementar su dieta.\u00a0Este polvo instant\u00e1neo se mezcla f\u00e1cilmente y no tiene sabor para &#8216;apilarse&#8217; con batidos de prote\u00ednas.<br \/>\nMODO DE USO:<br \/>\nMezcle una cucharadita colmada de glutamina en polvo con 8 onzas l\u00edquidas de agua o su bebida favorita como parte de una dieta saludable y un plan de ejercicios.\u00a0Destinado a su uso en adultos sanos como parte de una dieta sana y equilibrada y un programa de ejercicios.<\/p>\n","protected":false},"excerpt":{"rendered":"<p>Suplemento diet\u00e9tico a base de l-glutamina.<br \/>\n300G |\u00a0 5G GLUTAMINA X SERV.<br \/>\nRECUPERACI\u00d3N Y CRECIMIENTO MUSCULAR<br \/>\nEVITA LA OXIDACI\u00d3N MUSCULAR<br \/>\nREGENERA Y RECUPERA TEJIDOS<\/p>\n","protected":false},"featured_media":16126,"template":"","meta":{"_monsterinsights_skip_tracking":false,"_monsterinsights_sitenote_active":false,"_monsterinsights_sitenote_note":"","_monsterinsights_sitenote_category":0},"product_brand":[],"product_cat":[150,186],"product_tag":[],"class_list":{"0":"post-16125","1":"product","2":"type-product","3":"status-publish","4":"has-post-thumbnail","6":"product_cat-glutaminas","7":"product_cat-importados","9":"first","10":"instock","11":"taxable","12":"shipping-taxable","13":"product-type-simple"},"_links":{"self":[{"href":"https:\/\/stayfit.com.ar\/index.php?rest_route=\/wp\/v2\/product\/16125","targetHints":{"allow":["GET"]}}],"collection":[{"href":"https:\/\/stayfit.com.ar\/index.php?rest_route=\/wp\/v2\/product"}],"about":[{"href":"https:\/\/stayfit.com.ar\/index.php?rest_route=\/wp\/v2\/types\/product"}],"wp:featuredmedia":[{"embeddable":true,"href":"https:\/\/stayfit.com.ar\/index.php?rest_route=\/wp\/v2\/media\/16126"}],"wp:attachment":[{"href":"https:\/\/stayfit.com.ar\/index.php?rest_route=%2Fwp%2Fv2%2Fmedia&parent=16125"}],"wp:term":[{"taxonomy":"product_brand","embeddable":true,"href":"https:\/\/stayfit.com.ar\/index.php?rest_route=%2Fwp%2Fv2%2Fproduct_brand&post=16125"},{"taxonomy":"product_cat","embeddable":true,"href":"https:\/\/stayfit.com.ar\/index.php?rest_route=%2Fwp%2Fv2%2Fproduct_cat&post=16125"},{"taxonomy":"product_tag","embeddable":true,"href":"https:\/\/stayfit.com.ar\/index.php?rest_route=%2Fwp%2Fv2%2Fproduct_tag&post=16125"}],"curies":[{"name":"wp","href":"https:\/\/api.w.org\/{rel}","templated":true}]}}