{"id":16137,"date":"2023-01-11T18:09:29","date_gmt":"2023-01-11T21:09:29","guid":{"rendered":"https:\/\/stayfit.com.ar\/?post_type=product&#038;p=16137"},"modified":"2025-10-11T10:36:10","modified_gmt":"2025-10-11T13:36:10","slug":"universal-fat-burner-cut-50-serv","status":"publish","type":"product","link":"https:\/\/stayfit.com.ar\/?product=universal-fat-burner-cut-50-serv","title":{"rendered":"FAT BURNERS 100tabs UNIVERSAL"},"content":{"rendered":"<p>DESCRIPCION:<br \/>\nEsta f\u00f3rmula es la m\u00e1s eficaz para perder peso y quemar grasa de forma r\u00e1pida. Debido a sus potentes c\u00e1psulas son de r\u00e1pida acci\u00f3n y por eso es el quema grasas m\u00e1s efectivo y m\u00e1s vendido en todo el mundo.<br \/>\nEste potente producto promueve la combusti\u00f3n de la grasa corporal en las zonas donde m\u00e1s se acumula, ayudando a deshacerse de la grasa en las zonas problem\u00e1ticas. Acelera el metabolismo para una eficiente termog\u00e9nesis que trabaja continuamente para deshacerse completamente de la grasa corporal.<br \/>\nMODO DE USO:<\/p>\n<ol>\n<li>\nTomar de 1 a 2 tabletas con 340 ml de agua seg\u00fan indique tu m\u00e9dico.\n<\/li>\n<li>\nPod\u00e9s tomar 1 a 2 tabletas adicionales antes de entrenar.\n<\/li>\n<li>\nUsalo en combinaci\u00f3n con una dieta baja en calor\u00edas y grasas.\n<\/li>\n<li>\nNo exceder las 4 tabletas diarias.\n<\/li>\n<\/ol>\n","protected":false},"excerpt":{"rendered":"<p>Suplemento dietario a base de extractos vegetales y vitaminas, en c\u00e1psulas.<br \/>\n50 SERVICIOS. | 6 EXT. NATURALES<\/p>\n","protected":false},"featured_media":16138,"template":"","meta":{"_monsterinsights_skip_tracking":false,"_monsterinsights_sitenote_active":false,"_monsterinsights_sitenote_note":"","_monsterinsights_sitenote_category":0},"product_brand":[],"product_cat":[186,152],"product_tag":[],"class_list":{"0":"post-16137","1":"product","2":"type-product","3":"status-publish","4":"has-post-thumbnail","6":"product_cat-importados","7":"product_cat-quemadores","9":"first","10":"instock","11":"taxable","12":"shipping-taxable","13":"product-type-simple"},"_links":{"self":[{"href":"https:\/\/stayfit.com.ar\/index.php?rest_route=\/wp\/v2\/product\/16137","targetHints":{"allow":["GET"]}}],"collection":[{"href":"https:\/\/stayfit.com.ar\/index.php?rest_route=\/wp\/v2\/product"}],"about":[{"href":"https:\/\/stayfit.com.ar\/index.php?rest_route=\/wp\/v2\/types\/product"}],"wp:featuredmedia":[{"embeddable":true,"href":"https:\/\/stayfit.com.ar\/index.php?rest_route=\/wp\/v2\/media\/16138"}],"wp:attachment":[{"href":"https:\/\/stayfit.com.ar\/index.php?rest_route=%2Fwp%2Fv2%2Fmedia&parent=16137"}],"wp:term":[{"taxonomy":"product_brand","embeddable":true,"href":"https:\/\/stayfit.com.ar\/index.php?rest_route=%2Fwp%2Fv2%2Fproduct_brand&post=16137"},{"taxonomy":"product_cat","embeddable":true,"href":"https:\/\/stayfit.com.ar\/index.php?rest_route=%2Fwp%2Fv2%2Fproduct_cat&post=16137"},{"taxonomy":"product_tag","embeddable":true,"href":"https:\/\/stayfit.com.ar\/index.php?rest_route=%2Fwp%2Fv2%2Fproduct_tag&post=16137"}],"curies":[{"name":"wp","href":"https:\/\/api.w.org\/{rel}","templated":true}]}}