{"id":16139,"date":"2023-01-11T18:13:08","date_gmt":"2023-01-11T21:13:08","guid":{"rendered":"https:\/\/stayfit.com.ar\/?post_type=product&#038;p=16139"},"modified":"2025-10-11T10:36:10","modified_gmt":"2025-10-11T13:36:10","slug":"universal-super-cut-50-serv","status":"publish","type":"product","link":"https:\/\/stayfit.com.ar\/?product=universal-super-cut-50-serv","title":{"rendered":"SUPER CUTS 144tabs UNIVERSAL"},"content":{"rendered":"<p>DESCRIPCION:<br \/>\nSuper Cuts 3 est\u00e1 formulado para maximizar su potencial metab\u00f3lico y ayudar a promover la quema de grasa. Super Cuts 3 contiene ingredientes y compuestos activos clave como diur\u00e9ticos naturales, potenciadores de insulina, energizantes y lipotr\u00f3picos emulsionantes de grasa. Estos ingredientes trabajan juntos para ayudar a apoyar la quema de grasa.<br \/>\nMODO DE USO:<br \/>\nTome 3 tabletas 2 veces al d\u00eda con al menos 8 oz de su bebida preferida. Para mejores resultados, tome este suplemento media hora antes del ejercicio y antes de acostarse.<\/p>\n","protected":false},"excerpt":{"rendered":"<p>Suplemento dietario a base de extractos vegetales y vitaminas, en c\u00e1psulas.<br \/>\n130 CAPSULAS. | 6 EXT. NATURALES<\/p>\n","protected":false},"featured_media":16140,"template":"","meta":{"_monsterinsights_skip_tracking":false,"_monsterinsights_sitenote_active":false,"_monsterinsights_sitenote_note":"","_monsterinsights_sitenote_category":0},"product_brand":[],"product_cat":[186,152],"product_tag":[],"class_list":{"0":"post-16139","1":"product","2":"type-product","3":"status-publish","4":"has-post-thumbnail","6":"product_cat-importados","7":"product_cat-quemadores","9":"first","10":"instock","11":"taxable","12":"shipping-taxable","13":"product-type-simple"},"_links":{"self":[{"href":"https:\/\/stayfit.com.ar\/index.php?rest_route=\/wp\/v2\/product\/16139","targetHints":{"allow":["GET"]}}],"collection":[{"href":"https:\/\/stayfit.com.ar\/index.php?rest_route=\/wp\/v2\/product"}],"about":[{"href":"https:\/\/stayfit.com.ar\/index.php?rest_route=\/wp\/v2\/types\/product"}],"wp:featuredmedia":[{"embeddable":true,"href":"https:\/\/stayfit.com.ar\/index.php?rest_route=\/wp\/v2\/media\/16140"}],"wp:attachment":[{"href":"https:\/\/stayfit.com.ar\/index.php?rest_route=%2Fwp%2Fv2%2Fmedia&parent=16139"}],"wp:term":[{"taxonomy":"product_brand","embeddable":true,"href":"https:\/\/stayfit.com.ar\/index.php?rest_route=%2Fwp%2Fv2%2Fproduct_brand&post=16139"},{"taxonomy":"product_cat","embeddable":true,"href":"https:\/\/stayfit.com.ar\/index.php?rest_route=%2Fwp%2Fv2%2Fproduct_cat&post=16139"},{"taxonomy":"product_tag","embeddable":true,"href":"https:\/\/stayfit.com.ar\/index.php?rest_route=%2Fwp%2Fv2%2Fproduct_tag&post=16139"}],"curies":[{"name":"wp","href":"https:\/\/api.w.org\/{rel}","templated":true}]}}