{"id":16373,"date":"2023-01-19T19:04:18","date_gmt":"2023-01-19T22:04:18","guid":{"rendered":"https:\/\/stayfit.com.ar\/?post_type=product&#038;p=16373"},"modified":"2026-01-06T09:16:43","modified_gmt":"2026-01-06T12:16:43","slug":"combo-whey-ultra-mass-3-kilos-creatina-micronizada-300-gramos","status":"publish","type":"product","link":"https:\/\/stayfit.com.ar\/?product=combo-whey-ultra-mass-3-kilos-creatina-micronizada-300-gramos","title":{"rendered":"<strong>ULTRA MASS 3kg + CREATINA MICRONIZADA 300gr ENA <\/strong>"},"content":{"rendered":"<p>DESCRIPCION GANADOR DE PESO:<br \/>\nUltra Mass provee de la suplementaci\u00f3n necesaria para complementar una dieta balanceada. Te provee con las herramientas que necesitas para aumentar tu volumen y ayudarte a desarrollar el f\u00edsico que siempre quisiste. Ya seas un fisicoculturista o simplemente est\u00e1s intentando agregar m\u00fasculo o fibra a tu f\u00edsico, a veces entrenar no es suficiente. Una dieta que apoye el crecimiento y suplementos que ayuden a tu cuerpo a maximizar su potencial son cruciales para el \u00e9xito.<br \/>\nMODO DE USO GANADOR DE PESO:<br \/>\nSe deben tomar 2 a 3 medidas a media ma\u00f1ana y 2 o 3 a media tarde, diluidas en 200-250 cm3 de leche o agua. Una medidas es de 35 +\/- 5 grs. Lo ideal es consumir con el vaso batidor ENA para lograr una perfecta disoluci\u00f3n. Se toma alejado de las comidas.<\/p>\n<p>DESCRIPCION CREATINA:<br \/>\nNuestra CREATINA MICRONIZADA es un excelente suplemento pre entrenamiento ya que colabora en la formaci\u00f3n de los componentes energ\u00e9ticos, mejora la potencia muscular y retrasa la fatiga muscular, preparando al cuerpo para un mejor rendimiento f\u00edsico Ha sido demostrado que apoya el crecimiento del tama\u00f1o de los m\u00fasculos, y el aumento de fuerza y poder cuando se la combina con actividades de alta intensidad.<br \/>\nMODO DE USO CREATINA:<br \/>\nIngesta diaria: 6,5 gm aprox. por d\u00eda (1 medida sin colmar aprox.) en 200cm3 de agua o jugos.<\/p>\n","protected":false},"excerpt":{"rendered":"<p>Este combo te ayudara a incrementar tu masa muscular gracias<br \/>\na TRUE MASS ENA y mejorar tu resistencia y rendimiento f\u00edsico<br \/>\na la hora de entrenar con la CREATINA MICRONIZADA ENA<\/p>\n","protected":false},"featured_media":16374,"template":"","meta":{"_monsterinsights_skip_tracking":false,"_monsterinsights_sitenote_active":false,"_monsterinsights_sitenote_note":"","_monsterinsights_sitenote_category":0},"product_brand":[],"product_cat":[192],"product_tag":[],"class_list":{"0":"post-16373","1":"product","2":"type-product","3":"status-publish","4":"has-post-thumbnail","6":"product_cat-combos","8":"first","9":"instock","10":"taxable","11":"shipping-taxable","12":"purchasable","13":"product-type-simple"},"_links":{"self":[{"href":"https:\/\/stayfit.com.ar\/index.php?rest_route=\/wp\/v2\/product\/16373","targetHints":{"allow":["GET"]}}],"collection":[{"href":"https:\/\/stayfit.com.ar\/index.php?rest_route=\/wp\/v2\/product"}],"about":[{"href":"https:\/\/stayfit.com.ar\/index.php?rest_route=\/wp\/v2\/types\/product"}],"wp:featuredmedia":[{"embeddable":true,"href":"https:\/\/stayfit.com.ar\/index.php?rest_route=\/wp\/v2\/media\/16374"}],"wp:attachment":[{"href":"https:\/\/stayfit.com.ar\/index.php?rest_route=%2Fwp%2Fv2%2Fmedia&parent=16373"}],"wp:term":[{"taxonomy":"product_brand","embeddable":true,"href":"https:\/\/stayfit.com.ar\/index.php?rest_route=%2Fwp%2Fv2%2Fproduct_brand&post=16373"},{"taxonomy":"product_cat","embeddable":true,"href":"https:\/\/stayfit.com.ar\/index.php?rest_route=%2Fwp%2Fv2%2Fproduct_cat&post=16373"},{"taxonomy":"product_tag","embeddable":true,"href":"https:\/\/stayfit.com.ar\/index.php?rest_route=%2Fwp%2Fv2%2Fproduct_tag&post=16373"}],"curies":[{"name":"wp","href":"https:\/\/api.w.org\/{rel}","templated":true}]}}