{"id":16397,"date":"2023-01-20T12:00:35","date_gmt":"2023-01-20T15:00:35","guid":{"rendered":"https:\/\/stayfit.com.ar\/?post_type=product&#038;p=16397"},"modified":"2025-09-13T01:46:33","modified_gmt":"2025-09-13T04:46:33","slug":"iso-high-pure-protein-2lbs","status":"publish","type":"product","link":"https:\/\/stayfit.com.ar\/?product=iso-high-pure-protein-2lbs","title":{"rendered":"<strong>ISO HIGH PURE PROTEIN 2lbs BODY ADVANCE<\/strong>"},"content":{"rendered":"<p>DESCRIPCION:<br \/>\nInnovadora combinaci\u00f3n que aporta nutrientes (prote\u00ednas y carbohidratos) y calor\u00edas extra para aumentar masa muscular. Ideal para quienes busquen aumentar de peso y a deportistas cuyos entrenamientos requieren un gran consumo cal\u00f3rico.<br \/>\nEntre sus beneficios podemos destacar:<br \/>\n+ Aumento de la ingesta cal\u00f3rica.<br \/>\n+ Aumento de peso y construcci\u00f3n de masa muscular magra.<br \/>\n+ Mayor recuperaci\u00f3n y rendimiento deportivo.<br \/>\nMODO DE USO:<br \/>\nUna medida (40 gr), de 1 a 2 veces por d\u00eda. Mezclar en 250 ml de agua, leche descremada o leche vegetal de su preferencia.<\/p>\n","protected":false},"excerpt":{"rendered":"<p>Suplemento diet\u00e9tico en polvo para preparar bebida a base de carbohidratos, prote\u00ednas de suero y vitaminas.<br \/>\n2 libras | 24G DE PROTE\u00cdNA X SERV.<\/p>\n","protected":false},"featured_media":16398,"template":"","meta":{"_monsterinsights_skip_tracking":false,"_monsterinsights_sitenote_active":false,"_monsterinsights_sitenote_note":"","_monsterinsights_sitenote_category":0},"product_brand":[],"product_cat":[126,146],"product_tag":[],"class_list":{"0":"post-16397","1":"product","2":"type-product","3":"status-publish","4":"has-post-thumbnail","6":"product_cat-body-advance","7":"product_cat-proteinas","9":"first","10":"instock","11":"taxable","12":"shipping-taxable","13":"product-type-variable"},"_links":{"self":[{"href":"https:\/\/stayfit.com.ar\/index.php?rest_route=\/wp\/v2\/product\/16397","targetHints":{"allow":["GET"]}}],"collection":[{"href":"https:\/\/stayfit.com.ar\/index.php?rest_route=\/wp\/v2\/product"}],"about":[{"href":"https:\/\/stayfit.com.ar\/index.php?rest_route=\/wp\/v2\/types\/product"}],"wp:featuredmedia":[{"embeddable":true,"href":"https:\/\/stayfit.com.ar\/index.php?rest_route=\/wp\/v2\/media\/16398"}],"wp:attachment":[{"href":"https:\/\/stayfit.com.ar\/index.php?rest_route=%2Fwp%2Fv2%2Fmedia&parent=16397"}],"wp:term":[{"taxonomy":"product_brand","embeddable":true,"href":"https:\/\/stayfit.com.ar\/index.php?rest_route=%2Fwp%2Fv2%2Fproduct_brand&post=16397"},{"taxonomy":"product_cat","embeddable":true,"href":"https:\/\/stayfit.com.ar\/index.php?rest_route=%2Fwp%2Fv2%2Fproduct_cat&post=16397"},{"taxonomy":"product_tag","embeddable":true,"href":"https:\/\/stayfit.com.ar\/index.php?rest_route=%2Fwp%2Fv2%2Fproduct_tag&post=16397"}],"curies":[{"name":"wp","href":"https:\/\/api.w.org\/{rel}","templated":true}]}}