{"id":16406,"date":"2023-01-20T12:16:07","date_gmt":"2023-01-20T15:16:07","guid":{"rendered":"https:\/\/stayfit.com.ar\/?post_type=product&#038;p=16406"},"modified":"2025-11-24T14:41:43","modified_gmt":"2025-11-24T17:41:43","slug":"bcaa-2200-120caps","status":"publish","type":"product","link":"https:\/\/stayfit.com.ar\/?product=bcaa-2200-120caps","title":{"rendered":"<strong>BCAA 2200 120caps BODY ADVANCE<\/strong>"},"content":{"rendered":"<p>DESCRIPCION:\u00a0Suplemento dietario con BCAA (amino\u00e1cidos de cadena ramificada L-leucina, L-isoleucina y L-valina, en una proporci\u00f3n espec\u00edfica de 8:1:1), tirosina, beta-alanina, col\u00e1geno hidrolizado y vitamina b3, , para una excelente performance y recuperaci\u00f3n.<br \/>\nAyudar a aumentar la replicaci\u00f3n de c\u00e9lulas musculares a trav\u00e9s del incremento de nutrientes, facilitando su transporte y absorci\u00f3n en el organismo.<br \/>\nContribuye a un aumento de la congesti\u00f3n muscular. Ayuda a incrementar la hipertrofia muscular y a lograr una mayor focalizaci\u00f3n y fuerza durante el ejercicio. Colabora con una mayor vasodilataci\u00f3n.<\/p>\n<p>MODO DE USO: Tomar 2 comprimidos antes del entrenamiento y 2 comprimidos despu\u00e9s de entrenar<\/p>\n","protected":false},"excerpt":{"rendered":"<p>DENOMINACI\u00d3N:<br \/>\nSUPLEMENTO DIETARIO DIET\u00c9TICO A BASE DE LEUCINA, BETA ALANINA, VALINA, ISOLEUCINA, TIROSINA, COL\u00c1GENO HIDROLIZADO Y VITAMINA B3,\u00a0 120 capsulas<\/p>\n","protected":false},"featured_media":16407,"template":"","meta":{"_monsterinsights_skip_tracking":false,"_monsterinsights_sitenote_active":false,"_monsterinsights_sitenote_note":"","_monsterinsights_sitenote_category":0},"product_brand":[],"product_cat":[124,126],"product_tag":[145],"class_list":{"0":"post-16406","1":"product","2":"type-product","3":"status-publish","4":"has-post-thumbnail","6":"product_cat-aminoacidos","7":"product_cat-body-advance","8":"product_tag-aminoacidos-body-advance","10":"first","11":"instock","12":"taxable","13":"shipping-taxable","14":"purchasable","15":"product-type-simple"},"_links":{"self":[{"href":"https:\/\/stayfit.com.ar\/index.php?rest_route=\/wp\/v2\/product\/16406","targetHints":{"allow":["GET"]}}],"collection":[{"href":"https:\/\/stayfit.com.ar\/index.php?rest_route=\/wp\/v2\/product"}],"about":[{"href":"https:\/\/stayfit.com.ar\/index.php?rest_route=\/wp\/v2\/types\/product"}],"wp:featuredmedia":[{"embeddable":true,"href":"https:\/\/stayfit.com.ar\/index.php?rest_route=\/wp\/v2\/media\/16407"}],"wp:attachment":[{"href":"https:\/\/stayfit.com.ar\/index.php?rest_route=%2Fwp%2Fv2%2Fmedia&parent=16406"}],"wp:term":[{"taxonomy":"product_brand","embeddable":true,"href":"https:\/\/stayfit.com.ar\/index.php?rest_route=%2Fwp%2Fv2%2Fproduct_brand&post=16406"},{"taxonomy":"product_cat","embeddable":true,"href":"https:\/\/stayfit.com.ar\/index.php?rest_route=%2Fwp%2Fv2%2Fproduct_cat&post=16406"},{"taxonomy":"product_tag","embeddable":true,"href":"https:\/\/stayfit.com.ar\/index.php?rest_route=%2Fwp%2Fv2%2Fproduct_tag&post=16406"}],"curies":[{"name":"wp","href":"https:\/\/api.w.org\/{rel}","templated":true}]}}