{"id":16410,"date":"2023-01-20T12:28:08","date_gmt":"2023-01-20T15:28:08","guid":{"rendered":"https:\/\/stayfit.com.ar\/?post_type=product&#038;p=16410"},"modified":"2026-04-11T15:51:30","modified_gmt":"2026-04-11T18:51:30","slug":"hmb-gold-nutrition-60caps","status":"publish","type":"product","link":"https:\/\/stayfit.com.ar\/?product=hmb-gold-nutrition-60caps","title":{"rendered":"HMB 60caps GOLD NUTRITION"},"content":{"rendered":"<p>DESCRIPCION:<br \/>\nEl HMB cambia el equilibrio de la s\u00edntesis de prote\u00ednas, inclinando la balanza a favor del m\u00fasculo, favoreciendo el desarrollo muscular de dos formas:<br \/>\n\u2013 En las c\u00e9lulas musculares el HMB act\u00faa como un intermediario metab\u00f3lico amplificando la capacidad de producci\u00f3n de energ\u00eda, estimulando la s\u00edntesis y reduciendo el catabolismo de las prote\u00ednas.<br \/>\n\u2013 El aumento de los niveles intracelulares ha sido relacionado con mejoras de los procesos de recuperaci\u00f3n, reconstrucci\u00f3n y crecimiento muscular.<\/p>\n<p>MODO DE USO: Se recomienda consumir 2 c\u00e1psulas (1 porci\u00f3n) de HMB por d\u00eda, acompa\u00f1ado de un vaso con agua.<br \/>\nPreferentemente por la ma\u00f1ana, antes o durante la comida.<\/p>\n","protected":false},"excerpt":{"rendered":"<p>DENOMINACI\u00d3N:<br \/>\nSUPLEMENTO DIETARIO DIET\u00c9TICO A BASE DE LEUCINA, BETA ALANINA, VALINA, ISOLEUCINA, TIROSINA, COL\u00c1GENO HIDROLIZADO Y VITAMINA B3,\u00a0 60 capsulas<\/p>\n","protected":false},"featured_media":16411,"template":"","meta":{"_monsterinsights_skip_tracking":false,"_monsterinsights_sitenote_active":false,"_monsterinsights_sitenote_note":"","_monsterinsights_sitenote_category":0},"product_brand":[],"product_cat":[124,141],"product_tag":[],"class_list":{"0":"post-16410","1":"product","2":"type-product","3":"status-publish","4":"has-post-thumbnail","6":"product_cat-aminoacidos","7":"product_cat-gold-nutrition","9":"first","10":"instock","11":"taxable","12":"shipping-taxable","13":"purchasable","14":"product-type-simple"},"_links":{"self":[{"href":"https:\/\/stayfit.com.ar\/index.php?rest_route=\/wp\/v2\/product\/16410","targetHints":{"allow":["GET"]}}],"collection":[{"href":"https:\/\/stayfit.com.ar\/index.php?rest_route=\/wp\/v2\/product"}],"about":[{"href":"https:\/\/stayfit.com.ar\/index.php?rest_route=\/wp\/v2\/types\/product"}],"wp:featuredmedia":[{"embeddable":true,"href":"https:\/\/stayfit.com.ar\/index.php?rest_route=\/wp\/v2\/media\/16411"}],"wp:attachment":[{"href":"https:\/\/stayfit.com.ar\/index.php?rest_route=%2Fwp%2Fv2%2Fmedia&parent=16410"}],"wp:term":[{"taxonomy":"product_brand","embeddable":true,"href":"https:\/\/stayfit.com.ar\/index.php?rest_route=%2Fwp%2Fv2%2Fproduct_brand&post=16410"},{"taxonomy":"product_cat","embeddable":true,"href":"https:\/\/stayfit.com.ar\/index.php?rest_route=%2Fwp%2Fv2%2Fproduct_cat&post=16410"},{"taxonomy":"product_tag","embeddable":true,"href":"https:\/\/stayfit.com.ar\/index.php?rest_route=%2Fwp%2Fv2%2Fproduct_tag&post=16410"}],"curies":[{"name":"wp","href":"https:\/\/api.w.org\/{rel}","templated":true}]}}