{"id":16422,"date":"2023-01-20T13:03:50","date_gmt":"2023-01-20T16:03:50","guid":{"rendered":"https:\/\/stayfit.com.ar\/?post_type=product&#038;p=16422"},"modified":"2025-11-24T18:15:11","modified_gmt":"2025-11-24T21:15:11","slug":"glutamina-sin-sabor-250gr","status":"publish","type":"product","link":"https:\/\/stayfit.com.ar\/?product=glutamina-sin-sabor-250gr","title":{"rendered":"GLUTAMINA SIN SABOR 250gr GENTECH"},"content":{"rendered":"<p>DESCRIPCION:<br \/>\nLa GLUTAMINA es el amino\u00e1cido no esencial m\u00e1s abundante en el m\u00fasculo. Durante prolongados per\u00edodos de ejercicio intenso, los niveles de glutamina pueden disminuir, lo que limita la s\u00edntesis de prote\u00ednas. Nuestra GLUTAMINA MICRONIZADA en polvo es una simple manera de suplementar tu dieta con este amino.<br \/>\nMODO DE USO:<br \/>\nConsumir 2 medidas diarias luego de los entrenamientos o bien antes de dormir.<\/p>\n","protected":false},"excerpt":{"rendered":"<p>Suplemento diet\u00e9tico a base de l-glutamina.<br \/>\n250G\u00a0 5G GLUTAMINA X SERV.<br \/>\nRECUPERACI\u00d3N Y CRECIMIENTO MUSCULAR<br \/>\nEVITA LA OXIDACI\u00d3N MUSCULAR<br \/>\nREGENERA Y RECUPERA TEJIDOS<\/p>\n","protected":false},"featured_media":16423,"template":"","meta":{"_monsterinsights_skip_tracking":false,"_monsterinsights_sitenote_active":false,"_monsterinsights_sitenote_note":"","_monsterinsights_sitenote_category":0},"product_brand":[],"product_cat":[147,150],"product_tag":[],"class_list":{"0":"post-16422","1":"product","2":"type-product","3":"status-publish","4":"has-post-thumbnail","6":"product_cat-gentech","7":"product_cat-glutaminas","9":"first","10":"instock","11":"taxable","12":"shipping-taxable","13":"purchasable","14":"product-type-simple"},"_links":{"self":[{"href":"https:\/\/stayfit.com.ar\/index.php?rest_route=\/wp\/v2\/product\/16422","targetHints":{"allow":["GET"]}}],"collection":[{"href":"https:\/\/stayfit.com.ar\/index.php?rest_route=\/wp\/v2\/product"}],"about":[{"href":"https:\/\/stayfit.com.ar\/index.php?rest_route=\/wp\/v2\/types\/product"}],"wp:featuredmedia":[{"embeddable":true,"href":"https:\/\/stayfit.com.ar\/index.php?rest_route=\/wp\/v2\/media\/16423"}],"wp:attachment":[{"href":"https:\/\/stayfit.com.ar\/index.php?rest_route=%2Fwp%2Fv2%2Fmedia&parent=16422"}],"wp:term":[{"taxonomy":"product_brand","embeddable":true,"href":"https:\/\/stayfit.com.ar\/index.php?rest_route=%2Fwp%2Fv2%2Fproduct_brand&post=16422"},{"taxonomy":"product_cat","embeddable":true,"href":"https:\/\/stayfit.com.ar\/index.php?rest_route=%2Fwp%2Fv2%2Fproduct_cat&post=16422"},{"taxonomy":"product_tag","embeddable":true,"href":"https:\/\/stayfit.com.ar\/index.php?rest_route=%2Fwp%2Fv2%2Fproduct_tag&post=16422"}],"curies":[{"name":"wp","href":"https:\/\/api.w.org\/{rel}","templated":true}]}}