{"id":17964,"date":"2023-07-31T20:45:27","date_gmt":"2023-07-31T23:45:27","guid":{"rendered":"https:\/\/stayfit.com.ar\/?post_type=product&#038;p=17964"},"modified":"2026-03-27T09:22:31","modified_gmt":"2026-03-27T12:22:31","slug":"multivitaminico-all-in-one-star-nutrition-60-comprimidos","status":"publish","type":"product","link":"https:\/\/stayfit.com.ar\/?product=multivitaminico-all-in-one-star-nutrition-60-comprimidos","title":{"rendered":"MULTIVITAMINICO ALL IN ONE STAR NUTRITION 60 CAPSULAS"},"content":{"rendered":"<p>DESCRIPCION:<br \/>\nEl MULTIVITAMIN ALL IN ONE de Star Nutrition es el suplemento dietario esencial para los deportistas que buscan mantener su rendimiento y bienestar al m\u00e1ximo nivel. Dise\u00f1ado con una cuidadosa selecci\u00f3n de vitaminas y minerales en pr\u00e1cticos comprimidos, este producto te brinda la esencia vital que necesitas para alcanzar tus objetivos deportivos.<br \/>\nMODO DE USO:<\/p>\n<p>Se recomienda tomar 2 capsulas por d\u00eda.<\/p>\n","protected":false},"excerpt":{"rendered":"<p>Suplemento ideal para aportar este nutriente esencial que tu cuerpo necesita para su buen funcionamiento 60 comprimidos<\/p>\n","protected":false},"featured_media":17965,"template":"","meta":{"_monsterinsights_skip_tracking":false,"_monsterinsights_sitenote_active":false,"_monsterinsights_sitenote_note":"","_monsterinsights_sitenote_category":0},"product_brand":[],"product_cat":[129,171],"product_tag":[],"class_list":{"0":"post-17964","1":"product","2":"type-product","3":"status-publish","4":"has-post-thumbnail","6":"product_cat-star-nutrition","7":"product_cat-vitaminas","9":"first","10":"instock","11":"taxable","12":"shipping-taxable","13":"purchasable","14":"product-type-simple"},"_links":{"self":[{"href":"https:\/\/stayfit.com.ar\/index.php?rest_route=\/wp\/v2\/product\/17964","targetHints":{"allow":["GET"]}}],"collection":[{"href":"https:\/\/stayfit.com.ar\/index.php?rest_route=\/wp\/v2\/product"}],"about":[{"href":"https:\/\/stayfit.com.ar\/index.php?rest_route=\/wp\/v2\/types\/product"}],"wp:featuredmedia":[{"embeddable":true,"href":"https:\/\/stayfit.com.ar\/index.php?rest_route=\/wp\/v2\/media\/17965"}],"wp:attachment":[{"href":"https:\/\/stayfit.com.ar\/index.php?rest_route=%2Fwp%2Fv2%2Fmedia&parent=17964"}],"wp:term":[{"taxonomy":"product_brand","embeddable":true,"href":"https:\/\/stayfit.com.ar\/index.php?rest_route=%2Fwp%2Fv2%2Fproduct_brand&post=17964"},{"taxonomy":"product_cat","embeddable":true,"href":"https:\/\/stayfit.com.ar\/index.php?rest_route=%2Fwp%2Fv2%2Fproduct_cat&post=17964"},{"taxonomy":"product_tag","embeddable":true,"href":"https:\/\/stayfit.com.ar\/index.php?rest_route=%2Fwp%2Fv2%2Fproduct_tag&post=17964"}],"curies":[{"name":"wp","href":"https:\/\/api.w.org\/{rel}","templated":true}]}}