{"id":17980,"date":"2023-07-31T21:13:58","date_gmt":"2023-08-01T00:13:58","guid":{"rendered":"https:\/\/stayfit.com.ar\/?post_type=product&#038;p=17980"},"modified":"2026-05-08T00:17:19","modified_gmt":"2026-05-08T03:17:19","slug":"just-whey-star-nutrition-910-gramos-sabor-neutro-copy","status":"publish","type":"product","link":"https:\/\/stayfit.com.ar\/?product=just-whey-star-nutrition-910-gramos-sabor-neutro-copy","title":{"rendered":"PLANT PROTEIN ENA (788 gramos)"},"content":{"rendered":"<p>DESCRIPCION:<br \/>\nProte\u00edna Vegetal de m\u00e1xima calidad, elaborada a base de prote\u00edna de arvejas.<br \/>\nIdeal para quienes eligen una alimentaci\u00f3n vegana o vegetariana o para complementar cualquier dieta con deficiencia proteica.<br \/>\n&#8211; Libre de Lactosa<br \/>\n&#8211; Libre de Soja<br \/>\n&#8211; Sin Az\u00facar agregada<br \/>\n&#8211; Sin conservantes<br \/>\nAporta 20 gramos de prote\u00edna por toma.<br \/>\nMODO DE USO:<br \/>\nMezclar 4 scoops (25 g) en un shaker con 200\/250 cm3 de agua.<br \/>\nRinde 15 porciones.<\/p>\n","protected":false},"excerpt":{"rendered":"<p>Prote\u00edna Vegetal de m\u00e1xima calidad, elaborada a base de prote\u00edna de arvejas.<br \/>\nIdeal para quienes eligen una alimentaci\u00f3n vegana o vegetariana o para complementar cualquier dieta con deficiencia proteica.<\/p>\n","protected":false},"featured_media":17981,"template":"","meta":{"_monsterinsights_skip_tracking":false,"_monsterinsights_sitenote_active":false,"_monsterinsights_sitenote_note":"","_monsterinsights_sitenote_category":0},"product_brand":[],"product_cat":[137,146],"product_tag":[],"class_list":{"0":"post-17980","1":"product","2":"type-product","3":"status-publish","4":"has-post-thumbnail","6":"product_cat-ena","7":"product_cat-proteinas","9":"first","10":"instock","11":"taxable","12":"shipping-taxable","13":"product-type-simple"},"_links":{"self":[{"href":"https:\/\/stayfit.com.ar\/index.php?rest_route=\/wp\/v2\/product\/17980","targetHints":{"allow":["GET"]}}],"collection":[{"href":"https:\/\/stayfit.com.ar\/index.php?rest_route=\/wp\/v2\/product"}],"about":[{"href":"https:\/\/stayfit.com.ar\/index.php?rest_route=\/wp\/v2\/types\/product"}],"wp:featuredmedia":[{"embeddable":true,"href":"https:\/\/stayfit.com.ar\/index.php?rest_route=\/wp\/v2\/media\/17981"}],"wp:attachment":[{"href":"https:\/\/stayfit.com.ar\/index.php?rest_route=%2Fwp%2Fv2%2Fmedia&parent=17980"}],"wp:term":[{"taxonomy":"product_brand","embeddable":true,"href":"https:\/\/stayfit.com.ar\/index.php?rest_route=%2Fwp%2Fv2%2Fproduct_brand&post=17980"},{"taxonomy":"product_cat","embeddable":true,"href":"https:\/\/stayfit.com.ar\/index.php?rest_route=%2Fwp%2Fv2%2Fproduct_cat&post=17980"},{"taxonomy":"product_tag","embeddable":true,"href":"https:\/\/stayfit.com.ar\/index.php?rest_route=%2Fwp%2Fv2%2Fproduct_tag&post=17980"}],"curies":[{"name":"wp","href":"https:\/\/api.w.org\/{rel}","templated":true}]}}