{"id":18810,"date":"2023-10-06T17:11:21","date_gmt":"2023-10-06T20:11:21","guid":{"rendered":"https:\/\/stayfit.com.ar\/?post_type=product&#038;p=18810"},"modified":"2026-04-07T23:47:37","modified_gmt":"2026-04-08T02:47:37","slug":"carbo-energy-ena-540-gramos","status":"publish","type":"product","link":"https:\/\/stayfit.com.ar\/?product=carbo-energy-ena-540-gramos","title":{"rendered":"<strong>CARBO ENERGY ENA 540 GRAMOS<\/strong>"},"content":{"rendered":"<p>CARBO ENERGY es la bebida deportiva por excelencia. Su formula exclusiva mejora tu performance favoreciendo el aporte de energ\u00eda durante la actividad f\u00edsica. Gracias a la tecnolog\u00eda de ultima generaci\u00f3n lograras optimizar la recuperaci\u00f3n y llegar a niveles que nunca pensaste.<br \/>\nViene en sabor Fruit Punch y Blueberrys.<\/p>\n","protected":false},"excerpt":{"rendered":"<ul>\n<li>\nMejora la performance y aporta energ\u00eda durante la actividad f\u00edsica.\n<\/li>\n<li>\nEnerg\u00eda inmediata y sostenida.\n<\/li>\n<li>\nRepone sales y minerales.\n<\/li>\n<li>\nOptimiza la recuperaci\u00f3n.\n<\/li>\n<li>\nExcelente fuente de hidrataci\u00f3n instant\u00e1nea antes y durante la actividad f\u00edsica.\n<\/li>\n<li>\nPosee capacidad antioxidante gracias a su aporte de vitamina C.\n<\/li>\n<\/ul>\n","protected":false},"featured_media":18811,"template":"","meta":{"_monsterinsights_skip_tracking":false,"_monsterinsights_sitenote_active":false,"_monsterinsights_sitenote_note":"","_monsterinsights_sitenote_category":0},"product_brand":[],"product_cat":[168,137],"product_tag":[],"class_list":{"0":"post-18810","1":"product","2":"type-product","3":"status-publish","4":"has-post-thumbnail","6":"product_cat-carbohidratos","7":"product_cat-ena","9":"first","10":"instock","11":"taxable","12":"shipping-taxable","13":"purchasable","14":"product-type-variable"},"_links":{"self":[{"href":"https:\/\/stayfit.com.ar\/index.php?rest_route=\/wp\/v2\/product\/18810","targetHints":{"allow":["GET"]}}],"collection":[{"href":"https:\/\/stayfit.com.ar\/index.php?rest_route=\/wp\/v2\/product"}],"about":[{"href":"https:\/\/stayfit.com.ar\/index.php?rest_route=\/wp\/v2\/types\/product"}],"wp:featuredmedia":[{"embeddable":true,"href":"https:\/\/stayfit.com.ar\/index.php?rest_route=\/wp\/v2\/media\/18811"}],"wp:attachment":[{"href":"https:\/\/stayfit.com.ar\/index.php?rest_route=%2Fwp%2Fv2%2Fmedia&parent=18810"}],"wp:term":[{"taxonomy":"product_brand","embeddable":true,"href":"https:\/\/stayfit.com.ar\/index.php?rest_route=%2Fwp%2Fv2%2Fproduct_brand&post=18810"},{"taxonomy":"product_cat","embeddable":true,"href":"https:\/\/stayfit.com.ar\/index.php?rest_route=%2Fwp%2Fv2%2Fproduct_cat&post=18810"},{"taxonomy":"product_tag","embeddable":true,"href":"https:\/\/stayfit.com.ar\/index.php?rest_route=%2Fwp%2Fv2%2Fproduct_tag&post=18810"}],"curies":[{"name":"wp","href":"https:\/\/api.w.org\/{rel}","templated":true}]}}