{"id":18830,"date":"2023-10-06T17:43:58","date_gmt":"2023-10-06T20:43:58","guid":{"rendered":"https:\/\/stayfit.com.ar\/?post_type=product&#038;p=18830"},"modified":"2026-04-14T21:55:40","modified_gmt":"2026-04-15T00:55:40","slug":"protein-bar-mervick-12-unidades","status":"publish","type":"product","link":"https:\/\/stayfit.com.ar\/?product=protein-bar-mervick-12-unidades","title":{"rendered":"<strong>PROTEIN BAR MERVICK (12 UNIDADES)<\/strong>"},"content":{"rendered":"<p>DESCRIPCION:<br \/>\nWhey Protein Bar es un barra proteica desarrollada por Mervick como un excelente complemento para acelerar la recuperaci\u00f3n luego de la actividad f\u00edsica y mantener diariamente un sustrato importante de prote\u00ednas para la s\u00edntesis muscular.<br \/>\nMODO DE USO:<br \/>\nWhey Protein Bar puede ser consumida en cualquier momento del d\u00eda incrementando el aporte de prote\u00ednas y energ\u00eda diarios. Pero su mayor acci\u00f3n se ejerce luego de la actividad f\u00edsica, ya que contribuye a reponer la energ\u00eda perdida, recomponer las fibras musculares da\u00f1adas durante la actividad y ofrecer un importante sustrato para el anabolismo muscular. La combinaci\u00f3n de prote\u00ednas y carbohidratos convierte a Whey Protein Bar en un complemento ideal para acelerar el proceso de recuperaci\u00f3n luego de la actividad f\u00edsica intensa.<\/p>\n","protected":false},"excerpt":{"rendered":"<p>barra nutricional con un importante aporte de prote\u00ednas de suero l\u00e1cteo e hidratos de carbono, las primeras con alta concentraci\u00f3n de amino\u00e1cidos ramificados (recuperaci\u00f3n y crecimiento muscular) y los \u00faltimos como fuente de energ\u00eda para los m\u00fasculos<\/p>\n","protected":false},"featured_media":18831,"template":"","meta":{"_monsterinsights_skip_tracking":false,"_monsterinsights_sitenote_active":false,"_monsterinsights_sitenote_note":"","_monsterinsights_sitenote_category":0},"product_brand":[],"product_cat":[159,201],"product_tag":[],"class_list":{"0":"post-18830","1":"product","2":"type-product","3":"status-publish","4":"has-post-thumbnail","6":"product_cat-barras-de-proteina","7":"product_cat-mervick","9":"first","10":"instock","11":"taxable","12":"shipping-taxable","13":"purchasable","14":"product-type-variable"},"_links":{"self":[{"href":"https:\/\/stayfit.com.ar\/index.php?rest_route=\/wp\/v2\/product\/18830","targetHints":{"allow":["GET"]}}],"collection":[{"href":"https:\/\/stayfit.com.ar\/index.php?rest_route=\/wp\/v2\/product"}],"about":[{"href":"https:\/\/stayfit.com.ar\/index.php?rest_route=\/wp\/v2\/types\/product"}],"wp:featuredmedia":[{"embeddable":true,"href":"https:\/\/stayfit.com.ar\/index.php?rest_route=\/wp\/v2\/media\/18831"}],"wp:attachment":[{"href":"https:\/\/stayfit.com.ar\/index.php?rest_route=%2Fwp%2Fv2%2Fmedia&parent=18830"}],"wp:term":[{"taxonomy":"product_brand","embeddable":true,"href":"https:\/\/stayfit.com.ar\/index.php?rest_route=%2Fwp%2Fv2%2Fproduct_brand&post=18830"},{"taxonomy":"product_cat","embeddable":true,"href":"https:\/\/stayfit.com.ar\/index.php?rest_route=%2Fwp%2Fv2%2Fproduct_cat&post=18830"},{"taxonomy":"product_tag","embeddable":true,"href":"https:\/\/stayfit.com.ar\/index.php?rest_route=%2Fwp%2Fv2%2Fproduct_tag&post=18830"}],"curies":[{"name":"wp","href":"https:\/\/api.w.org\/{rel}","templated":true}]}}