{"id":19135,"date":"2023-10-28T16:13:05","date_gmt":"2023-10-28T19:13:05","guid":{"rendered":"https:\/\/stayfit.com.ar\/?post_type=product&#038;p=19135"},"modified":"2026-05-12T00:21:53","modified_gmt":"2026-05-12T03:21:53","slug":"bcaa-2-1-1-120caps-max-force","status":"publish","type":"product","link":"https:\/\/stayfit.com.ar\/?product=bcaa-2-1-1-120caps-max-force","title":{"rendered":"BCAA 2.1.1  120CAPS.  MAX FORCE"},"content":{"rendered":"<p>DESCRIPCION:<br \/>\nAumenta la s\u00edntesis proteica y disminuye la degradaci\u00f3n muscular.<br \/>\nLos amino\u00e1cidos esenciales son imprescindibles para los procesos de recuperaci\u00f3n y desarrollo muscular.<br \/>\nUna posible carencia de uno de estos amino\u00e1cidos provocar\u00eda no solo la detenci\u00f3n del crecimiento del m\u00fasculo sino tambi\u00e9n su desgaste.<br \/>\nAporta vitamin blend la cual contiene vitamina C y todo el complejo de vitaminas del grupo B.<br \/>\nMODO DE USO: Tomar 4 c\u00e1psulas por d\u00eda. Preferentemente con la comida.<\/p>\n","protected":false},"excerpt":{"rendered":"<p>DENOMINACI\u00d3N:<br \/>\nSUPLEMENTO DIETARIO DIET\u00c9TICO A BASE DE LEUCINA, BETA ALANINA, VALINA, ISOLEUCINA, TIROSINA, COL\u00c1GENO HIDROLIZADO Y VITAMINA\u00a0 120 capsulas<\/p>\n","protected":false},"featured_media":19139,"template":"","meta":{"_monsterinsights_skip_tracking":false,"_monsterinsights_sitenote_active":false,"_monsterinsights_sitenote_note":"","_monsterinsights_sitenote_category":0},"product_brand":[],"product_cat":[124,203],"product_tag":[],"class_list":{"0":"post-19135","1":"product","2":"type-product","3":"status-publish","4":"has-post-thumbnail","6":"product_cat-aminoacidos","7":"product_cat-max-force","9":"first","10":"instock","11":"taxable","12":"shipping-taxable","13":"purchasable","14":"product-type-simple"},"_links":{"self":[{"href":"https:\/\/stayfit.com.ar\/index.php?rest_route=\/wp\/v2\/product\/19135","targetHints":{"allow":["GET"]}}],"collection":[{"href":"https:\/\/stayfit.com.ar\/index.php?rest_route=\/wp\/v2\/product"}],"about":[{"href":"https:\/\/stayfit.com.ar\/index.php?rest_route=\/wp\/v2\/types\/product"}],"wp:featuredmedia":[{"embeddable":true,"href":"https:\/\/stayfit.com.ar\/index.php?rest_route=\/wp\/v2\/media\/19139"}],"wp:attachment":[{"href":"https:\/\/stayfit.com.ar\/index.php?rest_route=%2Fwp%2Fv2%2Fmedia&parent=19135"}],"wp:term":[{"taxonomy":"product_brand","embeddable":true,"href":"https:\/\/stayfit.com.ar\/index.php?rest_route=%2Fwp%2Fv2%2Fproduct_brand&post=19135"},{"taxonomy":"product_cat","embeddable":true,"href":"https:\/\/stayfit.com.ar\/index.php?rest_route=%2Fwp%2Fv2%2Fproduct_cat&post=19135"},{"taxonomy":"product_tag","embeddable":true,"href":"https:\/\/stayfit.com.ar\/index.php?rest_route=%2Fwp%2Fv2%2Fproduct_tag&post=19135"}],"curies":[{"name":"wp","href":"https:\/\/api.w.org\/{rel}","templated":true}]}}