{"id":19167,"date":"2023-10-28T21:09:16","date_gmt":"2023-10-29T00:09:16","guid":{"rendered":"https:\/\/stayfit.com.ar\/?post_type=product&#038;p=19167"},"modified":"2026-04-08T00:25:07","modified_gmt":"2026-04-08T03:25:07","slug":"glutamina-micronizada-250-gramos-max-force","status":"publish","type":"product","link":"https:\/\/stayfit.com.ar\/?product=glutamina-micronizada-250-gramos-max-force","title":{"rendered":"GLUTAMINA MICRONIZADA 250 GRAMOS MAX FORCE"},"content":{"rendered":"<p>DESCRIPCION:<br \/>\nAumenta la capacidad de realizar ejercicios de alta intensidad y recuperarse en lapsos cortos, logrando mejores entrenamientos, sintiendo como incrementa tu rendimiento f\u00edsico.<br \/>\nLogramos un producto \u00f3ptimo para que te recuperes en menor tiempo y as\u00ed puedas volver a un nuevo entrenamiento intenso<br \/>\nRINDE 25 servicios<br \/>\nMODO DE USO:<br \/>\nComo suplemento diet\u00e9tico, consumir 1 porci\u00f3n (1 cucharadita de t\u00e9) 1\/2 hora despu\u00e9s del entrenamiento o antes de ir a dormir<\/p>\n","protected":false},"excerpt":{"rendered":"<p>Suplemento diet\u00e9tico a base de l-glutamina.<br \/>\n250G | 25 SERVICIOS | 5G GLUTAMINA X SERV.<br \/>\nRECUPERACI\u00d3N Y CRECIMIENTO MUSCULAR<br \/>\nEVITA LA OXIDACI\u00d3N MUSCULAR<br \/>\nREGENERA Y RECUPERA TEJIDOS<\/p>\n","protected":false},"featured_media":19168,"template":"","meta":{"_monsterinsights_skip_tracking":false,"_monsterinsights_sitenote_active":false,"_monsterinsights_sitenote_note":"","_monsterinsights_sitenote_category":0},"product_brand":[],"product_cat":[150,203],"product_tag":[],"class_list":{"0":"post-19167","1":"product","2":"type-product","3":"status-publish","4":"has-post-thumbnail","6":"product_cat-glutaminas","7":"product_cat-max-force","9":"first","10":"instock","11":"taxable","12":"shipping-taxable","13":"purchasable","14":"product-type-simple"},"_links":{"self":[{"href":"https:\/\/stayfit.com.ar\/index.php?rest_route=\/wp\/v2\/product\/19167","targetHints":{"allow":["GET"]}}],"collection":[{"href":"https:\/\/stayfit.com.ar\/index.php?rest_route=\/wp\/v2\/product"}],"about":[{"href":"https:\/\/stayfit.com.ar\/index.php?rest_route=\/wp\/v2\/types\/product"}],"wp:featuredmedia":[{"embeddable":true,"href":"https:\/\/stayfit.com.ar\/index.php?rest_route=\/wp\/v2\/media\/19168"}],"wp:attachment":[{"href":"https:\/\/stayfit.com.ar\/index.php?rest_route=%2Fwp%2Fv2%2Fmedia&parent=19167"}],"wp:term":[{"taxonomy":"product_brand","embeddable":true,"href":"https:\/\/stayfit.com.ar\/index.php?rest_route=%2Fwp%2Fv2%2Fproduct_brand&post=19167"},{"taxonomy":"product_cat","embeddable":true,"href":"https:\/\/stayfit.com.ar\/index.php?rest_route=%2Fwp%2Fv2%2Fproduct_cat&post=19167"},{"taxonomy":"product_tag","embeddable":true,"href":"https:\/\/stayfit.com.ar\/index.php?rest_route=%2Fwp%2Fv2%2Fproduct_tag&post=19167"}],"curies":[{"name":"wp","href":"https:\/\/api.w.org\/{rel}","templated":true}]}}