{"id":20059,"date":"2024-05-05T20:51:23","date_gmt":"2024-05-05T23:51:23","guid":{"rendered":"https:\/\/stayfit.com.ar\/?post_type=product&#038;p=20059"},"modified":"2026-04-14T20:28:43","modified_gmt":"2026-04-14T23:28:43","slug":"creatina-micronizada-sin-sabor-500gr-xtrenght","status":"publish","type":"product","link":"https:\/\/stayfit.com.ar\/?product=creatina-micronizada-sin-sabor-500gr-xtrenght","title":{"rendered":"CREATINA MICRONIZADA SIN SABOR 500gr XTRENGHT"},"content":{"rendered":"<p style=\"padding-left: 40px;\">DESCRIPCION:<br \/>\nDiversos estudios han demostrado que, a trav\u00e9s de la incorporaci\u00f3n de Creatina a tu suplementaci\u00f3n, tu potencia y energ\u00eda se incrementan considerablemente. El consumo de Creatina es clave para ejercicios que llevan menos de 10 segundos, como las repeticiones con mancuernas. La clave de este ingrediente es que desarrolla r\u00e1pidamente la energ\u00eda celular, y esto mejora la resistencia para potenciar el crecimiento de tus m\u00fasculos.<br \/>\nMODO DE USO:<br \/>\nlos primeros cinco d\u00edas (fase de carga*) se debe incorporar 24 gramos diarios. Una vez superado este proceso, a partir del sexto d\u00eda (fase de entrenamiento) se reduce a 15 gramos. Los d\u00edas de entrenamiento tomarlo por la ma\u00f1ana e inmediatamente despu\u00e9s del ejercicio. El resto de los d\u00edas, hacerlo por la ma\u00f1ana y repetir en cualquier momento del d\u00eda. Por otro lado, beber 10 vasos de agua por d\u00eda favorece la absorci\u00f3n de creatina y ayuda a mantener un buen estado de hidrataci\u00f3n corporal.<br \/>\n(*) La fase de carga est\u00e1 indicada solamente en quienes suplementan con Creatina por primera vez o en quienes discontinuaron dicha suplementaci\u00f3n por un per\u00edodo mayor a dos meses.<\/p>\n","protected":false},"excerpt":{"rendered":"<hr \/>\n<p>Suplemento dietario a base de Creatina Monohidrato.<br \/>\n500G |5G CREATINA X SERV. | ULTRAMICRONIZED<br \/>\n100% PURA | AUMENTA EL VOLUMEN Y LA RESISTENCIA<\/p>\n","protected":false},"featured_media":20060,"template":"","meta":{"_monsterinsights_skip_tracking":false,"_monsterinsights_sitenote_active":false,"_monsterinsights_sitenote_note":"","_monsterinsights_sitenote_category":0},"product_brand":[],"product_cat":[149,133],"product_tag":[],"class_list":{"0":"post-20059","1":"product","2":"type-product","3":"status-publish","4":"has-post-thumbnail","6":"product_cat-creatinas","7":"product_cat-xtrenght","9":"first","10":"instock","11":"taxable","12":"shipping-taxable","13":"purchasable","14":"product-type-simple"},"_links":{"self":[{"href":"https:\/\/stayfit.com.ar\/index.php?rest_route=\/wp\/v2\/product\/20059","targetHints":{"allow":["GET"]}}],"collection":[{"href":"https:\/\/stayfit.com.ar\/index.php?rest_route=\/wp\/v2\/product"}],"about":[{"href":"https:\/\/stayfit.com.ar\/index.php?rest_route=\/wp\/v2\/types\/product"}],"wp:featuredmedia":[{"embeddable":true,"href":"https:\/\/stayfit.com.ar\/index.php?rest_route=\/wp\/v2\/media\/20060"}],"wp:attachment":[{"href":"https:\/\/stayfit.com.ar\/index.php?rest_route=%2Fwp%2Fv2%2Fmedia&parent=20059"}],"wp:term":[{"taxonomy":"product_brand","embeddable":true,"href":"https:\/\/stayfit.com.ar\/index.php?rest_route=%2Fwp%2Fv2%2Fproduct_brand&post=20059"},{"taxonomy":"product_cat","embeddable":true,"href":"https:\/\/stayfit.com.ar\/index.php?rest_route=%2Fwp%2Fv2%2Fproduct_cat&post=20059"},{"taxonomy":"product_tag","embeddable":true,"href":"https:\/\/stayfit.com.ar\/index.php?rest_route=%2Fwp%2Fv2%2Fproduct_tag&post=20059"}],"curies":[{"name":"wp","href":"https:\/\/api.w.org\/{rel}","templated":true}]}}