{"id":20076,"date":"2024-05-05T21:19:44","date_gmt":"2024-05-06T00:19:44","guid":{"rendered":"https:\/\/stayfit.com.ar\/?post_type=product&#038;p=20076"},"modified":"2026-05-08T00:17:21","modified_gmt":"2026-05-08T03:17:21","slug":"true-made-2libras-colageno-sport-407-gr-de-ena","status":"publish","type":"product","link":"https:\/\/stayfit.com.ar\/?product=true-made-2libras-colageno-sport-407-gr-de-ena","title":{"rendered":"TRUE MADE 2LIBRAS + COL\u00c1GENO SPORT 407 GR DE ENA"},"content":{"rendered":"<p>DESCRIPCION\u00a0 TRUE MADE:<br \/>\nes la forma m\u00e1s pura de prote\u00edna de suero que existe actualmente. Al sumarla a nuestra f\u00f3rmula cl\u00e1sica (WPC + WPI) elevamos el est\u00e1ndar de calidad, asegur\u00e1ndote un mejor producto en cada scoop para que logres la performance que buscas.<br \/>\nWHEY PROTEIN contiene un blend de m\u00e1xima pureza con una r\u00e1pida absorci\u00f3n y una excelente calidad, garantizando una efectiva y r\u00e1pida recuperaci\u00f3n del tejido muscular:<br \/>\n\u2013 Whey protein concentrate (WPC): perfil completo de amino\u00e1cidos esenciales, brindando la mejor calidad de prote\u00ednas para aumentar la energ\u00eda durante el entrenamiento.<br \/>\n\u2013 Whey Protein Isolate (WPI): m\u00e1xima pureza. Bajo en carbohidratos, grasas y f\u00e1cil de digerir logrando una mayor absorci\u00f3n de la prote\u00edna.<br \/>\nMODO DE USO TRUE MADE:<br \/>\nAgregar 1 medida colmada de ADVANCE WHEY\u00a0\u00a0en 200 ml de agua o leche fr\u00eda. Mezclar directamente en un vaso con una cuchara o mezclar en una licuadora o shaker durante unos 15 segundos.<br \/>\nTomar 2-3 porciones diarias.<\/p>\n<p>DESCRIPCION COL\u00c1GENO:<br \/>\nIdeal para prevenir y rehabilitar lesiones del tejido conectivo.<br \/>\nLa suplementaci\u00f3n con 10 g de col\u00e1geno hidrolizado (p\u00e9ptidos bio-activos) y 500 mg de vitamina c es ideal para aumentar la s\u00edntesis del tejido conectivo, como por ejemplo ligamentos y tendones. La ingesta diaria y peri\u00f3dica de COLAGENO SPORT limita las molestias, as\u00ed como el riesgo de lesiones relacionadas con las articulaciones, estimulando las c\u00e9lulas locales para que produzcan m\u00e1s fibras de col\u00e1geno. Es por esta raz\u00f3n que en el marco del alto rendimiento deportivo se convierte en una herramienta clave para prevenir y rehabilitar lesiones en estos tipos de tejidos.<br \/>\nMODO DE USO COL\u00c1GENO:<br \/>\nDisolver 1 scoop bien colmado (aprox. 13.54 g) en un vaso de agua a temperatura ambiente (200 ml). Revolver unos minutos hasta su completa disoluci\u00f3n. Consumir en cualquier momento del d\u00eda.<\/p>\n","protected":false},"excerpt":{"rendered":"<p>Este combo te ayudara a incrementar tu masa muscular gracias<br \/>\na TRUE MADE DE ENA y mejorar tu PIEL, U\u00d1AS PELO Y MAS con COL\u00c1GENO DE ENA<\/p>\n","protected":false},"featured_media":20078,"template":"","meta":{"_monsterinsights_skip_tracking":false,"_monsterinsights_sitenote_active":false,"_monsterinsights_sitenote_note":"","_monsterinsights_sitenote_category":0},"product_brand":[],"product_cat":[192,137],"product_tag":[],"class_list":{"0":"post-20076","1":"product","2":"type-product","3":"status-publish","4":"has-post-thumbnail","6":"product_cat-combos","7":"product_cat-ena","9":"first","10":"instock","11":"taxable","12":"shipping-taxable","13":"purchasable","14":"product-type-simple"},"_links":{"self":[{"href":"https:\/\/stayfit.com.ar\/index.php?rest_route=\/wp\/v2\/product\/20076","targetHints":{"allow":["GET"]}}],"collection":[{"href":"https:\/\/stayfit.com.ar\/index.php?rest_route=\/wp\/v2\/product"}],"about":[{"href":"https:\/\/stayfit.com.ar\/index.php?rest_route=\/wp\/v2\/types\/product"}],"wp:featuredmedia":[{"embeddable":true,"href":"https:\/\/stayfit.com.ar\/index.php?rest_route=\/wp\/v2\/media\/20078"}],"wp:attachment":[{"href":"https:\/\/stayfit.com.ar\/index.php?rest_route=%2Fwp%2Fv2%2Fmedia&parent=20076"}],"wp:term":[{"taxonomy":"product_brand","embeddable":true,"href":"https:\/\/stayfit.com.ar\/index.php?rest_route=%2Fwp%2Fv2%2Fproduct_brand&post=20076"},{"taxonomy":"product_cat","embeddable":true,"href":"https:\/\/stayfit.com.ar\/index.php?rest_route=%2Fwp%2Fv2%2Fproduct_cat&post=20076"},{"taxonomy":"product_tag","embeddable":true,"href":"https:\/\/stayfit.com.ar\/index.php?rest_route=%2Fwp%2Fv2%2Fproduct_tag&post=20076"}],"curies":[{"name":"wp","href":"https:\/\/api.w.org\/{rel}","templated":true}]}}