{"id":20082,"date":"2024-05-05T21:31:04","date_gmt":"2024-05-06T00:31:04","guid":{"rendered":"https:\/\/stayfit.com.ar\/?post_type=product&#038;p=20082"},"modified":"2025-11-08T11:53:09","modified_gmt":"2025-11-08T14:53:09","slug":"pre-entreno-not-animal-xplode-225-gramos-vegan-nutrition","status":"publish","type":"product","link":"https:\/\/stayfit.com.ar\/?product=pre-entreno-not-animal-xplode-225-gramos-vegan-nutrition","title":{"rendered":"PRE ENTRENO NOT ANIMAL XPLODE 225 gramos (VEGAN NUTRITION)"},"content":{"rendered":"<p>DESCRIPCION:<br \/>\nEl Pre-entreno VEGAN NUTRITION te ofrece una energ\u00eda explosiva en tus entrenamientos, convirtiendose en el pre entreno mas potente del mercado. Este pre entreno potencia al m\u00e1ximo la energ\u00eda, la musculatura, y la circulaci\u00f3n sangu\u00ednea, para incrementar la actividad cardiovascular y la capacidad anaer\u00f3bica.<br \/>\nMODO DE USO:<br \/>\nSe recomienda consumir 1\/2 sccop (4.5grs) De 15 a 20 minutos antes del entrenamiento.<\/p>\n","protected":false},"excerpt":{"rendered":"<p>Suplemento dietario a base de Creatina.<br \/>\n304G\u00a0 5G CREATINA X SERV. | ULTRAMICRONIZED<br \/>\n100% PURA | AUMENTA EL VOLUMEN Y LA RESISTENCIA<\/p>\n","protected":false},"featured_media":20083,"template":"","meta":{"_monsterinsights_skip_tracking":false,"_monsterinsights_sitenote_active":false,"_monsterinsights_sitenote_note":"","_monsterinsights_sitenote_category":0},"product_brand":[],"product_cat":[155,204],"product_tag":[],"class_list":{"0":"post-20082","1":"product","2":"type-product","3":"status-publish","4":"has-post-thumbnail","6":"product_cat-pre-entrenos","7":"product_cat-vegan-nutrition","9":"first","10":"outofstock","11":"taxable","12":"shipping-taxable","13":"purchasable","14":"product-type-simple"},"_links":{"self":[{"href":"https:\/\/stayfit.com.ar\/index.php?rest_route=\/wp\/v2\/product\/20082","targetHints":{"allow":["GET"]}}],"collection":[{"href":"https:\/\/stayfit.com.ar\/index.php?rest_route=\/wp\/v2\/product"}],"about":[{"href":"https:\/\/stayfit.com.ar\/index.php?rest_route=\/wp\/v2\/types\/product"}],"wp:featuredmedia":[{"embeddable":true,"href":"https:\/\/stayfit.com.ar\/index.php?rest_route=\/wp\/v2\/media\/20083"}],"wp:attachment":[{"href":"https:\/\/stayfit.com.ar\/index.php?rest_route=%2Fwp%2Fv2%2Fmedia&parent=20082"}],"wp:term":[{"taxonomy":"product_brand","embeddable":true,"href":"https:\/\/stayfit.com.ar\/index.php?rest_route=%2Fwp%2Fv2%2Fproduct_brand&post=20082"},{"taxonomy":"product_cat","embeddable":true,"href":"https:\/\/stayfit.com.ar\/index.php?rest_route=%2Fwp%2Fv2%2Fproduct_cat&post=20082"},{"taxonomy":"product_tag","embeddable":true,"href":"https:\/\/stayfit.com.ar\/index.php?rest_route=%2Fwp%2Fv2%2Fproduct_tag&post=20082"}],"curies":[{"name":"wp","href":"https:\/\/api.w.org\/{rel}","templated":true}]}}