{"id":20336,"date":"2024-07-29T17:07:47","date_gmt":"2024-07-29T20:07:47","guid":{"rendered":"https:\/\/stayfit.com.ar\/?post_type=product&#038;p=20336"},"modified":"2026-04-07T23:47:37","modified_gmt":"2026-04-08T02:47:37","slug":"true-made-pure-collagen-350gr-ena","status":"publish","type":"product","link":"https:\/\/stayfit.com.ar\/?product=true-made-pure-collagen-350gr-ena","title":{"rendered":"<strong>TRUE MADE PURE COLLAGEN 350gr ENA<\/strong>"},"content":{"rendered":"<p>DESCRIPCION:<br \/>\nPure Collagen Truemade est\u00e1 formulado con p\u00e9ptidos de col\u00e1geno hidrolizado tipo I en polvo para su r\u00e1pida absorci\u00f3n. Enriquecido con Vitamina C + Q10 + Resveratrol + \u00c1cido Hialur\u00f3nico y 0% az\u00facares y grasas. Mantiene la elasticidad de la piel, protege articulaciones y fortalece cabello y u\u00f1as.<br \/>\nMODO DE USO:<br \/>\nDisolver 2 scoops en 200 ml de agua a temperatura ambiente. Revolver unos minutos hasta su completa disoluci\u00f3n.<br \/>\nConsumir en cualquier momento del d\u00eda<\/p>\n","protected":false},"excerpt":{"rendered":"<p>COLAGENO SPORT contiene por dosis 10 g de col\u00e1geno hidrolizado, 500 mg de vitamina C, magn\u00e9sio, c\u00farcuma y \u00e1cido hialur\u00f3nico.<\/p>\n","protected":false},"featured_media":21080,"template":"","meta":{"_monsterinsights_skip_tracking":false,"_monsterinsights_sitenote_active":false,"_monsterinsights_sitenote_note":"","_monsterinsights_sitenote_category":0},"product_brand":[],"product_cat":[158,137],"product_tag":[],"class_list":{"0":"post-20336","1":"product","2":"type-product","3":"status-publish","4":"has-post-thumbnail","6":"product_cat-colagenos","7":"product_cat-ena","9":"first","10":"instock","11":"taxable","12":"shipping-taxable","13":"purchasable","14":"product-type-variable"},"_links":{"self":[{"href":"https:\/\/stayfit.com.ar\/index.php?rest_route=\/wp\/v2\/product\/20336","targetHints":{"allow":["GET"]}}],"collection":[{"href":"https:\/\/stayfit.com.ar\/index.php?rest_route=\/wp\/v2\/product"}],"about":[{"href":"https:\/\/stayfit.com.ar\/index.php?rest_route=\/wp\/v2\/types\/product"}],"wp:featuredmedia":[{"embeddable":true,"href":"https:\/\/stayfit.com.ar\/index.php?rest_route=\/wp\/v2\/media\/21080"}],"wp:attachment":[{"href":"https:\/\/stayfit.com.ar\/index.php?rest_route=%2Fwp%2Fv2%2Fmedia&parent=20336"}],"wp:term":[{"taxonomy":"product_brand","embeddable":true,"href":"https:\/\/stayfit.com.ar\/index.php?rest_route=%2Fwp%2Fv2%2Fproduct_brand&post=20336"},{"taxonomy":"product_cat","embeddable":true,"href":"https:\/\/stayfit.com.ar\/index.php?rest_route=%2Fwp%2Fv2%2Fproduct_cat&post=20336"},{"taxonomy":"product_tag","embeddable":true,"href":"https:\/\/stayfit.com.ar\/index.php?rest_route=%2Fwp%2Fv2%2Fproduct_tag&post=20336"}],"curies":[{"name":"wp","href":"https:\/\/api.w.org\/{rel}","templated":true}]}}