{"id":21878,"date":"2024-12-08T18:46:39","date_gmt":"2024-12-08T21:46:39","guid":{"rendered":"https:\/\/stayfit.com.ar\/?post_type=product&#038;p=21878"},"modified":"2026-03-24T11:56:43","modified_gmt":"2026-03-24T14:56:43","slug":"proteina-huevo-granger-750-gramos","status":"publish","type":"product","link":"https:\/\/stayfit.com.ar\/?product=proteina-huevo-granger-750-gramos","title":{"rendered":"<strong>PROTEINA DE HUEVO 453gr GRANGER<\/strong>"},"content":{"rendered":"<p>DESCRIPCION: las claras de huevo son altamente nutritivas, ricas en prote\u00edna del alto valor biol\u00f3gico y libres de grasa.<br \/>\nCualidades saludables e impresionantes. \u00bfNo te parece? \u00a1Pero eso no es todo!<br \/>\nA diferencia de la albumina que podes encontrar en el mercado, la prote\u00edna de huevo GRANGER es hidrolizada, que hace referencia a un proceso que se le practica a la materia prima, logrando as\u00ed reducir el tama\u00f1o de las cadenas proteicas, para que la absorci\u00f3n y digesti\u00f3n sea mucho mas r\u00e1pida y liviana, ideal para atletas y personas que tengan una vida activa.<br \/>\nLas claras de huevo contienen la mayor parte de la prote\u00edna presente en el huevo. De hecho, estas se consideran el patr\u00f3n de referencia de las fuentes proteicas, debido a su alta biodisponibilidad.\u00a0 Por eso resultan un alimento esencial pata todas las personas que desean aumentar su ingesta de prote\u00ednas a fin de favorecer el crecimiento y el mantenimiento de la masa muscular.<br \/>\nMODO DE USO: Diluir 1 medida colmada (30g) de producto en 200 &#8211; 250 cm3 de agua y agitar bien.<\/p>\n","protected":false},"excerpt":{"rendered":"<p>Suplemento Dietario en Polvo a base albumina de huevo.<br \/>\nClaras de huevo pasteirizadas con alto contenido proteico.<br \/>\n453 gramos | 25 servicios | 24 gramos de proteina x servicio.<\/p>\n","protected":false},"featured_media":21896,"template":"","meta":{"_monsterinsights_skip_tracking":false,"_monsterinsights_sitenote_active":false,"_monsterinsights_sitenote_note":"","_monsterinsights_sitenote_category":0},"product_brand":[],"product_cat":[214,146],"product_tag":[],"class_list":{"0":"post-21878","1":"product","2":"type-product","3":"status-publish","4":"has-post-thumbnail","6":"product_cat-granger","7":"product_cat-proteinas","9":"first","10":"outofstock","11":"taxable","12":"shipping-taxable","13":"product-type-variable"},"_links":{"self":[{"href":"https:\/\/stayfit.com.ar\/index.php?rest_route=\/wp\/v2\/product\/21878","targetHints":{"allow":["GET"]}}],"collection":[{"href":"https:\/\/stayfit.com.ar\/index.php?rest_route=\/wp\/v2\/product"}],"about":[{"href":"https:\/\/stayfit.com.ar\/index.php?rest_route=\/wp\/v2\/types\/product"}],"wp:featuredmedia":[{"embeddable":true,"href":"https:\/\/stayfit.com.ar\/index.php?rest_route=\/wp\/v2\/media\/21896"}],"wp:attachment":[{"href":"https:\/\/stayfit.com.ar\/index.php?rest_route=%2Fwp%2Fv2%2Fmedia&parent=21878"}],"wp:term":[{"taxonomy":"product_brand","embeddable":true,"href":"https:\/\/stayfit.com.ar\/index.php?rest_route=%2Fwp%2Fv2%2Fproduct_brand&post=21878"},{"taxonomy":"product_cat","embeddable":true,"href":"https:\/\/stayfit.com.ar\/index.php?rest_route=%2Fwp%2Fv2%2Fproduct_cat&post=21878"},{"taxonomy":"product_tag","embeddable":true,"href":"https:\/\/stayfit.com.ar\/index.php?rest_route=%2Fwp%2Fv2%2Fproduct_tag&post=21878"}],"curies":[{"name":"wp","href":"https:\/\/api.w.org\/{rel}","templated":true}]}}