{"id":22700,"date":"2025-03-30T19:20:51","date_gmt":"2025-03-30T22:20:51","guid":{"rendered":"https:\/\/stayfit.com.ar\/?post_type=product&#038;p=22700"},"modified":"2025-10-11T10:36:44","modified_gmt":"2025-10-11T13:36:44","slug":"hydromax-sport-drink-600gr-nutremax","status":"publish","type":"product","link":"https:\/\/stayfit.com.ar\/?product=hydromax-sport-drink-600gr-nutremax","title":{"rendered":"Hydromax Sport Drink Nutremax"},"content":{"rendered":"<p>Hydromax es una bebida isot\u00f3nica desarrollada para facilitar la rehidrataci\u00f3n y la reposici\u00f3n de sales minerales.<br \/>\nSu exclusiva f\u00f3rmula, fuente de vitaminas C y E, aporta carbohidratos, retrasa la fatiga y mejora el rendimiento f\u00edsico.<br \/>\nLa combinaci\u00f3n adecuada de carbohidratos y electrolitos logra una bebida isot\u00f3nica que acelera el proceso de rehidrataci\u00f3n.<br \/>\nRepone carbohidratos: su consumo es fundamental para retrasar la fatiga y mantener la intensidad del ejercicio o trabajo durante m\u00e1s tiempo.<br \/>\nSuma electrolitos: los electrolitos sodio, cloro y potasio reponen lo que se pierde por sudoraci\u00f3n y mejoran la absorci\u00f3n de agua.<br \/>\nFuente de vitaminas antioxidantes: el aporte de vitaminas C y E desactivan los mecanismos de oxidaci\u00f3n originados por el ejercicio intenso y mejoran la adaptaci\u00f3n al calor.<br \/>\nSu sabor agradable y ligero permite su consumo a\u00fan en condiciones desfavorables de temperatura<\/p>\n<p>PRESENTACION:<br \/>\n600 y 1520 gramos<\/p>\n<p>SABORES:<\/p>\n<ul>\n<li>\nPOMELO\n<\/li>\n<li>\nNARANZA\n<\/li>\n<li>\nMANZANA\n<\/li>\n<\/ul>\n<p>MODO DE USO:<br \/>\n4 medidas al ras (33g) en 500cc de agua.<\/p>\n","protected":false},"excerpt":{"rendered":"<p>\u2714 F\u00f3rmula isot\u00f3nica con electrolitos (Sodio, Potasio, Cloruros).<br \/>\n\u2714 Evita la deshidrataci\u00f3n.<br \/>\n\u2714 Aporte extra de Energ\u00eda.<br \/>\n\u2714 Aumenta el rendimiento y retrasa la fatiga<\/p>\n<p>PRESENTACION:<br \/>\n600 y 1520 gramos<\/p>\n<p>SABORES:<\/p>\n<ul>\n<li>\nPOMELO\n<\/li>\n<li>\nNARANZA\n<\/li>\n<li>\nMANZANA\n<\/li>\n<\/ul>\n<p>MODO DE USO:<br \/>\n4 medidas al ras (33g) en 500cc de agua.<\/p>\n","protected":false},"featured_media":22707,"template":"","meta":{"_monsterinsights_skip_tracking":false,"_monsterinsights_sitenote_active":false,"_monsterinsights_sitenote_note":"","_monsterinsights_sitenote_category":0},"product_brand":[],"product_cat":[169],"product_tag":[],"class_list":{"0":"post-22700","1":"product","2":"type-product","3":"status-publish","4":"has-post-thumbnail","6":"product_cat-bebidas-isotonicas","8":"first","9":"instock","10":"taxable","11":"shipping-taxable","12":"purchasable","13":"product-type-variable"},"_links":{"self":[{"href":"https:\/\/stayfit.com.ar\/index.php?rest_route=\/wp\/v2\/product\/22700","targetHints":{"allow":["GET"]}}],"collection":[{"href":"https:\/\/stayfit.com.ar\/index.php?rest_route=\/wp\/v2\/product"}],"about":[{"href":"https:\/\/stayfit.com.ar\/index.php?rest_route=\/wp\/v2\/types\/product"}],"wp:featuredmedia":[{"embeddable":true,"href":"https:\/\/stayfit.com.ar\/index.php?rest_route=\/wp\/v2\/media\/22707"}],"wp:attachment":[{"href":"https:\/\/stayfit.com.ar\/index.php?rest_route=%2Fwp%2Fv2%2Fmedia&parent=22700"}],"wp:term":[{"taxonomy":"product_brand","embeddable":true,"href":"https:\/\/stayfit.com.ar\/index.php?rest_route=%2Fwp%2Fv2%2Fproduct_brand&post=22700"},{"taxonomy":"product_cat","embeddable":true,"href":"https:\/\/stayfit.com.ar\/index.php?rest_route=%2Fwp%2Fv2%2Fproduct_cat&post=22700"},{"taxonomy":"product_tag","embeddable":true,"href":"https:\/\/stayfit.com.ar\/index.php?rest_route=%2Fwp%2Fv2%2Fproduct_tag&post=22700"}],"curies":[{"name":"wp","href":"https:\/\/api.w.org\/{rel}","templated":true}]}}